000
CDUS46 KSGX 030017
CLIRNM


CLIMATE REPORT
NATIONAL WEATHER SERVICE SAN DIEGO, CA
517 PM PDT SAT MAY 2 2015


...................................

...THE RAMONA AIRPORT CA CLIMATE SUMMARY FOR MAY 2 2015...
VALID TODAY AS OF 0500 PM LOCAL TIME.

CLIMATE NORMAL PERIOD 1981 TO 2010
CLIMATE RECORD PERIOD 1974 TO 2015


WEATHER ITEM   OBSERVED TIME   RECORD YEAR NORMAL DEPARTURE LAST
                VALUE   (LST)  VALUE       VALUE  FROM      YEAR
                                                  NORMAL
..................................................................
TEMPERATURE (F)
 TODAY
  MAXIMUM         80   1049 AM  98    2004  73      7       95
  MINIMUM         48    503 AM  35    2011  45      3       45
  AVERAGE         64                        59      5       70

PRECIPITATION (IN)
  TODAY            0.00          0.19 1980   0.02  -0.02     0.00
  MONTH TO DATE    0.00                      0.05  -0.05     0.00
  SINCE OCT 1      7.93                     15.10  -7.17     7.76
  SINCE JAN 1      3.33                     10.96  -7.63     5.09

SNOWFALL (IN)
  TODAY            0.0
  MONTH TO DATE    0.0
  SINCE MAR 1      0.0
  SINCE JUL 1      0.0
  SNOW DEPTH       0

DEGREE DAYS
 HEATING
  TODAY            1                         6     -5        0
  MONTH TO DATE    1                        13    -12        0
  SINCE MAR 1    389                       664   -275      441
  SINCE JUL 1   1573                      2405   -832     1862

 COOLING
  TODAY            0                         0      0        5
  MONTH TO DATE    6                         0      6        9
  SINCE MAR 1     25                         4     21       18
  SINCE JAN 1     27                         5     22       18
..................................................................


WIND (MPH)
  RESULTANT WIND SPEED   6   RESULTANT WIND DIRECTION   W (270)
  HIGHEST WIND SPEED    16   HIGHEST WIND DIRECTION     W (270)
  HIGHEST GUST SPEED    23   HIGHEST GUST DIRECTION     W (290)
  AVERAGE WIND SPEED     6.6


SKY COVER
  POSSIBLE SUNSHINE  MM
  AVERAGE SKY COVER 0.0


WEATHER CONDITIONS
 THE FOLLOWING WEATHER WAS RECORDED TODAY.
  NO SIGNIFICANT WEATHER WAS OBSERVED.


RELATIVE HUMIDITY (PERCENT)
 HIGHEST    77           400 AM
 LOWEST     29           800 AM
 AVERAGE    53

..........................................................


THE RAMONA AIRPORT CA CLIMATE NORMALS FOR TOMORROW
                         NORMAL    RECORD    YEAR
 MAXIMUM TEMPERATURE (F)   73       100      2004
 MINIMUM TEMPERATURE (F)   45        38      2011
                                             2010


SUNRISE AND SUNSET
MAY  2 2015...........SUNRISE   559 AM PDT   SUNSET   730 PM PDT
MAY  3 2015...........SUNRISE   558 AM PDT   SUNSET   731 PM PDT


-  INDICATES NEGATIVE NUMBERS.
R  INDICATES RECORD WAS SET OR TIED.
MM INDICATES DATA IS MISSING.
T  INDICATES TRACE AMOUNT.




$$
