000
CDUS41 KRNK 252058
CLIROA


CLIMATE REPORT
NATIONAL WEATHER SERVICE BLACKSBURG VA
456 PM EDT SAT APR 25 2015


...................................

...THE ROANOKE VA CLIMATE SUMMARY FOR APRIL 25 2015...
VALID TODAY AS OF 0400 PM LOCAL TIME.

CLIMATE NORMAL PERIOD 1981 TO 2010
CLIMATE RECORD PERIOD 1912 TO 2015


WEATHER ITEM   OBSERVED TIME   RECORD YEAR NORMAL DEPARTURE LAST
                VALUE   (LST)  VALUE       VALUE  FROM      YEAR
                                                  NORMAL
..................................................................
TEMPERATURE (F)
 TODAY
  MAXIMUM         50    402 AM  95    1925  71    -21       69
  MINIMUM         42    344 PM  30    1956  48     -6       47
  AVERAGE         46                        59    -13       58

PRECIPITATION (IN)
  TODAY            0.21          2.00 1937   0.11   0.10     0.24
  MONTH TO DATE    4.42                      2.81   1.61     2.42
  SINCE MAR 1      8.74                      6.27   2.47     5.18
  SINCE JAN 1     12.66                     12.08   0.58    11.46

SNOWFALL (IN)
  TODAY            0.0
  MONTH TO DATE    0.0
  SINCE MAR 1      1.9
  SINCE JUL 1     21.7
  SNOW DEPTH       0

DEGREE DAYS
 HEATING
  TODAY           19                         7     12        7
  MONTH TO DATE  180                       244    -64      228
  SINCE MAR 1    724                       796    -72      878
  SINCE JUL 1   4153                      4001    152     4280

 COOLING
  TODAY            0                         1     -1        0
  MONTH TO DATE    6                        17    -11        8
  SINCE MAR 1      6                        22    -16        8
  SINCE JAN 1      6                        22    -16        8
..................................................................


WIND (MPH)
  HIGHEST WIND SPEED    10   HIGHEST WIND DIRECTION    SE (120)
  HIGHEST GUST SPEED    14   HIGHEST GUST DIRECTION     E (100)
  AVERAGE WIND SPEED     2.4


SKY COVER
  POSSIBLE SUNSHINE  MM
  AVERAGE SKY COVER 1.0


WEATHER CONDITIONS
 THE FOLLOWING WEATHER WAS RECORDED TODAY.
  LIGHT RAIN
  FOG


RELATIVE HUMIDITY (PERCENT)
 HIGHEST    89           700 AM
 LOWEST     36          1200 AM
 AVERAGE    63

..........................................................


THE ROANOKE VA CLIMATE NORMALS FOR TOMORROW
                         NORMAL    RECORD    YEAR
 MAXIMUM TEMPERATURE (F)   71        93      1915
 MINIMUM TEMPERATURE (F)   48        30      1972
                                             1934


SUNRISE AND SUNSET
APRIL 25 2015.........SUNRISE   632 AM EDT   SUNSET   804 PM EDT
APRIL 26 2015.........SUNRISE   631 AM EDT   SUNSET   805 PM EDT


-  INDICATES NEGATIVE NUMBERS.
R  INDICATES RECORD WAS SET OR TIED.
MM INDICATES DATA IS MISSING.
T  INDICATES TRACE AMOUNT.




$$
