000
CDUS45 KABQ 040838
CLIROW


CLIMATE REPORT
NATIONAL WEATHER SERVICE ALBUQUERQUE NM
236 AM MDT MON MAY 4 2015


...................................

...THE ROSWELL NM CLIMATE SUMMARY FOR MAY 3 2015...

CLIMATE NORMAL PERIOD 1981 TO 2010
CLIMATE RECORD PERIOD 1893 TO 2015


WEATHER ITEM   OBSERVED TIME   RECORD YEAR NORMAL DEPARTURE
                VALUE   (LST)  VALUE       VALUE  FROM
                                                  NORMAL
...............................................................
TEMPERATURE (F)
 YESTERDAY
  MAXIMUM         89    332 PM  98    2012  81      8
  MINIMUM         51    307 AM  32    1935  51      0
  AVERAGE         70                        66      4

PRECIPITATION (IN)
  YESTERDAY        0.00          1.49 1935   0.03  -0.03
  MONTH TO DATE    0.00                      0.09  -0.09
  SINCE MAR 1      2.03                      1.21   0.82
  SINCE JAN 1      3.94                      2.01   1.93

SNOWFALL (IN)
  YESTERDAY        0.0
  MONTH TO DATE    0.0
  SINCE MAR 1      T
  SINCE JUL 1     16.2

DEGREE DAYS
 HEATING
  YESTERDAY        0                         2     -2
  MONTH TO DATE    0                         6     -6
  SINCE MAR 1    490                       557    -67
  SINCE JUL 1   3207                      3264    -57

 COOLING
  YESTERDAY        5                         3      2
  MONTH TO DATE   11                         9      2
  SINCE MAR 1     27                        49    -22
  SINCE JAN 1     27                        49    -22
...............................................................


WIND (MPH)
  HIGHEST WIND SPEED    29   HIGHEST WIND DIRECTION     S (200)
  HIGHEST GUST SPEED    36   HIGHEST GUST DIRECTION     S (180)
  AVERAGE WIND SPEED     9.1


SKY COVER
  AVERAGE SKY COVER 0.0


WEATHER CONDITIONS
 THE FOLLOWING WEATHER WAS RECORDED YESTERDAY.
  THUNDERSTORM


RELATIVE HUMIDITY (PERCENT)
 HIGHEST    71           500 AM
 LOWEST     16           400 PM
 AVERAGE    44

..........................................................


THE ROSWELL NM CLIMATE NORMALS FOR TODAY
                         NORMAL    RECORD    YEAR
 MAXIMUM TEMPERATURE (F)   82       101      1947
 MINIMUM TEMPERATURE (F)   51        31      1913


SUNRISE AND SUNSET
MAY  4 2015...........SUNRISE   607 AM MDT   SUNSET   743 PM MDT
MAY  5 2015...........SUNRISE   607 AM MDT   SUNSET   744 PM MDT


-  INDICATES NEGATIVE NUMBERS.
R  INDICATES RECORD WAS SET OR TIED.
MM INDICATES DATA IS MISSING.
T  INDICATES TRACE AMOUNT.

$$
