000
CDUS42 KCHS 012123
CLISAV


CLIMATE REPORT
NATIONAL WEATHER SERVICE CHARLESTON SC
522 PM EDT WED APR 1 2015


...................................

...THE SAVANNAH GA CLIMATE SUMMARY FOR APRIL 1 2015...
VALID TODAY AS OF 0500 PM LOCAL TIME.

CLIMATE NORMAL PERIOD 1981 TO 2010
CLIMATE RECORD PERIOD 1871 TO 2015


WEATHER ITEM   OBSERVED TIME   RECORD YEAR NORMAL DEPARTURE LAST
                VALUE   (LST)  VALUE       VALUE  FROM      YEAR
                                                  NORMAL
..................................................................
TEMPERATURE (F)
 TODAY
  MAXIMUM         81    357 PM  90    1974  74      7       84
                                      1896
  MINIMUM         57    617 AM  32    1987  51      6       48
  AVERAGE         69                        62      7       66

PRECIPITATION (IN)
  TODAY            0.02          4.06 1948   0.12  -0.10     0.00
  MONTH TO DATE    0.02                      0.12  -0.10     0.00
  SINCE MAR 1      2.04                      3.85  -1.81     2.65
  SINCE JAN 1      9.60                     10.33  -0.73     6.76

SNOWFALL (IN)
  TODAY            0.0                       0.0    0.0
  SINCE MAR 1      0.0                       T      0.0
  SINCE JUL 1      0.0                       0.3   -0.3

DEGREE DAYS
 HEATING
  TODAY            0                         4     -4        0
  MONTH TO DATE    0                         4     -4        0
  SINCE MAR 1    144                       214    -70      264
  SINCE JUL 1   1679                      1731    -52     1645

 COOLING
  TODAY            4                         2      2        1
  MONTH TO DATE    4                         2      2        1
  SINCE MAR 1     62                        34     28       13
  SINCE JAN 1     67                        44     23       31
..................................................................


WIND (MPH)
  HIGHEST WIND SPEED    12   HIGHEST WIND DIRECTION     W (290)
  HIGHEST GUST SPEED    15   HIGHEST GUST DIRECTION    NW (310)
  AVERAGE WIND SPEED     6.6


SKY COVER
  POSSIBLE SUNSHINE  MM
  AVERAGE SKY COVER 0.6


WEATHER CONDITIONS
 THE FOLLOWING WEATHER WAS RECORDED TODAY.
  LIGHT RAIN
  FOG


RELATIVE HUMIDITY (PERCENT)
 HIGHEST    93           600 AM
 LOWEST     39           300 PM
 AVERAGE    66

..........................................................


THE SAVANNAH GA CLIMATE NORMALS FOR TOMORROW
                         NORMAL    RECORD    YEAR
 MAXIMUM TEMPERATURE (F)   75        91      1940
 MINIMUM TEMPERATURE (F)   51        33      1881


SUNRISE AND SUNSET
APRIL  1 2015.........SUNRISE   713 AM EDT   SUNSET   744 PM EDT
APRIL  2 2015.........SUNRISE   712 AM EDT   SUNSET   745 PM EDT


-  INDICATES NEGATIVE NUMBERS.
R  INDICATES RECORD WAS SET OR TIED.
MM INDICATES DATA IS MISSING.
T  INDICATES TRACE AMOUNT.




$$
