000
CDUS41 KAKQ 050550
CLISBY


CLIMATE REPORT
NATIONAL WEATHER SERVICE WAKEFIELD, VA
150 AM EDT TUE MAY 5 2015


...................................

...THE SALISBURY MD CLIMATE SUMMARY FOR MAY 4 2015...

CLIMATE NORMAL PERIOD 1981 TO 2010
CLIMATE RECORD PERIOD 1900 TO 2015


WEATHER ITEM   OBSERVED TIME   RECORD YEAR NORMAL DEPARTURE LAST
                VALUE   (LST)  VALUE       VALUE  FROM      YEAR
                                                  NORMAL
..................................................................
TEMPERATURE (F)
 YESTERDAY
  MAXIMUM         83    105 PM  88    2001  70     13       80
                                      1928
  MINIMUM         48    321 AM  32    2005  48      0       47
                                      2003
  AVERAGE         66                        59      7       64

PRECIPITATION (IN)
  YESTERDAY        0.00          1.53 1978   0.11  -0.11     0.00
  MONTH TO DATE    0.13                      0.40  -0.27     0.12
  SINCE MAR 1      7.87                      8.37  -0.50     9.10
  SINCE JAN 1     15.59                     15.33   0.26    16.32

SNOWFALL (IN)
  YESTERDAY        0.0           0.0  2002   0.0    0.0
                                      2001
  MONTH TO DATE    0.0                       0.0    0.0
  SINCE NOV 1     15.7                       9.3    6.4
  SINCE JUL 1     15.7                       9.3    6.4
  SNOW DEPTH       0

DEGREE DAYS
 HEATING
  YESTERDAY        0                         7     -7        1
  MONTH TO DATE   30                        28      2        9
  SINCE MAR 1   1014                      1003     11      990
  SINCE JUL 1   4227                      4308    -81     4130

 COOLING
  YESTERDAY        1                         1      0        0
  MONTH TO DATE    1                         4     -3        6
  SINCE MAR 1      8                        21    -13       20
  SINCE JAN 1      8                        21    -13       20
..................................................................


WIND (MPH)
  HIGHEST WIND SPEED    18   HIGHEST WIND DIRECTION    SW (210)
  HIGHEST GUST SPEED    26   HIGHEST GUST DIRECTION    SW (230)
  AVERAGE WIND SPEED     7.6


SKY COVER
  POSSIBLE SUNSHINE  MM
  AVERAGE SKY COVER 0.0


WEATHER CONDITIONS
 THE FOLLOWING WEATHER WAS RECORDED YESTERDAY.
  NO SIGNIFICANT WEATHER WAS OBSERVED.


RELATIVE HUMIDITY (PERCENT)
 HIGHEST    93           400 AM
 LOWEST     23           200 PM
 AVERAGE    58

..........................................................


THE SALISBURY MD CLIMATE NORMALS FOR TODAY
                         NORMAL    RECORD    YEAR
 MAXIMUM TEMPERATURE (F)   71        90      1930
 MINIMUM TEMPERATURE (F)   48        28      2003


SUNRISE AND SUNSET
MAY  5 2015...........SUNRISE   601 AM EDT   SUNSET   757 PM EDT
MAY  6 2015...........SUNRISE   600 AM EDT   SUNSET   758 PM EDT


-  INDICATES NEGATIVE NUMBERS.
R  INDICATES RECORD WAS SET OR TIED.
MM INDICATES DATA IS MISSING.
T  INDICATES TRACE AMOUNT.




$$
