000
CDUS46 KSTO 270836
CLISCK


CLIMATE REPORT
NATIONAL WEATHER SERVICE SACRAMENTO, CA
135 AM PDT MON APR 27 2015


...................................

...THE STOCKTON AIRPORT CA CLIMATE SUMMARY FOR APRIL 26 2015...

CLIMATE NORMAL PERIOD 1981 TO 2010
CLIMATE RECORD PERIOD 1948 TO 2015


WEATHER ITEM   OBSERVED TIME   RECORD YEAR NORMAL DEPARTURE LAST
                VALUE   (LST)  VALUE       VALUE  FROM      YEAR
                                                  NORMAL
..................................................................
TEMPERATURE (F)
 YESTERDAY
  MAXIMUM         79    300 PM  96    2004  76      3       66
  MINIMUM         50    537 AM  39    2003  48      2       43
                                      1984
                                      1955
  AVERAGE         65

PRECIPITATION (IN)
  YESTERDAY        0.00          0.51 1953   0.03  -0.03     0.00
  MONTH TO DATE    1.13                      0.89   0.24     0.81
  SINCE OCT 1     10.60                     13.06  -2.46     7.21
  SINCE JAN 1      2.76                      8.33  -5.57     5.78

SNOWFALL (IN)
  YESTERDAY        0.0          MM      MM
  MONTH TO DATE    0.0
  SINCE MAR 1      0.0
  SINCE JUL 1      0.0
  SNOW DEPTH       0

DEGREE DAYS
 HEATING
  YESTERDAY        0                         4     -4       10
  MONTH TO DATE  108                       173    -65      105
  SINCE MAR 1    232                       497   -265      304
  SINCE JUL 1   1671                      2559   -888     2137

 COOLING
  YESTERDAY        0                         1     -1        0
  MONTH TO DATE   11                         9      2       19
  SINCE MAR 1     28                         9     19       19
  SINCE JAN 1     28                         9     19       19
..................................................................


WIND (MPH)
  RESULTANT WIND SPEED  11   RESULTANT WIND DIRECTION  NW (300)
  HIGHEST WIND SPEED    23   HIGHEST WIND DIRECTION    NW (330)
  HIGHEST GUST SPEED    28   HIGHEST GUST DIRECTION    NW (330)


SKY COVER
  POSSIBLE SUNSHINE  MM
  AVERAGE SKY COVER 0.0


WEATHER CONDITIONS
 THE FOLLOWING WEATHER WAS RECORDED YESTERDAY.
  NO SIGNIFICANT WEATHER WAS OBSERVED.


RELATIVE HUMIDITY (PERCENT)
 HIGHEST    80           300 AM
 LOWEST     23           300 PM
 AVERAGE    52

..........................................................


THE STOCKTON AIRPORT CA CLIMATE NORMALS FOR TODAY
                         NORMAL    RECORD    YEAR
 MAXIMUM TEMPERATURE (F)   76        96      2004
 MINIMUM TEMPERATURE (F)   48        34      1955


SUNRISE AND SUNSET
APRIL 27 2015.........SUNRISE   614 AM PDT   SUNSET   752 PM PDT
APRIL 28 2015.........SUNRISE   613 AM PDT   SUNSET   753 PM PDT


-  INDICATES NEGATIVE NUMBERS.
R  INDICATES RECORD WAS SET OR TIED.
MM INDICATES DATA IS MISSING.
T  INDICATES TRACE AMOUNT.




$$
