000
CDUS45 KBYZ 030933
CLISHR


CLIMATE REPORT
NATIONAL WEATHER SERVICE BILLINGS MT
332 AM MDT SUN MAY 3 2015


...................................

...THE SHERIDAN WY CLIMATE SUMMARY FOR MAY 2 2015...

CLIMATE NORMAL PERIOD 1981 TO 2010
CLIMATE RECORD PERIOD 1907 TO 2015


WEATHER ITEM   OBSERVED TIME   RECORD YEAR NORMAL DEPARTURE LAST
                VALUE   (LST)  VALUE       VALUE  FROM      YEAR
                                                  NORMAL
..................................................................
TEMPERATURE (F)
 YESTERDAY
  MAXIMUM         76    322 PM  88    1947  63     13       72
  MINIMUM         40    327 AM  14    1954  34      6       39
  AVERAGE         58                        48     10       56

PRECIPITATION (IN)
  YESTERDAY        0.00          0.93        0.08  -0.08     0.00
  MONTH TO DATE    0.00                      0.15  -0.15     0.00
  SINCE OCT 1      5.95                      6.51  -0.56     8.84
  SINCE JAN 1      3.56                      3.83  -0.27     5.08

DEGREE DAYS
 HEATING
  YESTERDAY        7                        17    -10        9
  MONTH TO DATE   20                        34    -14       28
  SINCE MAR 1   1339                      1600   -261     1645
  SINCE JUL 1   6569                      7135   -566     7395

 COOLING
  YESTERDAY        0                         0      0        0
  MONTH TO DATE    0                         0      0        0
  SINCE MAR 1      0                         0      0        0
  SINCE JAN 1      0                         0      0        0
..................................................................


WIND (MPH)
  HIGHEST WIND SPEED    17   HIGHEST WIND DIRECTION    NE (40)
  HIGHEST GUST SPEED    21   HIGHEST GUST DIRECTION    NE (40)
  AVERAGE WIND SPEED     4.8


SKY COVER
  POSSIBLE SUNSHINE  MM
  AVERAGE SKY COVER 0.0


WEATHER CONDITIONS
 THE FOLLOWING WEATHER WAS RECORDED YESTERDAY.
  HAZE


RELATIVE HUMIDITY (PERCENT)
 HIGHEST    66           700 AM
 LOWEST     16           200 PM
 AVERAGE    41

..........................................................


THE SHERIDAN WY CLIMATE NORMALS FOR TODAY
                         NORMAL    RECORD    YEAR
 MAXIMUM TEMPERATURE (F)   63        87      1986
 MINIMUM TEMPERATURE (F)   34        13      1954


SUNRISE AND SUNSET
MAY  3 2015...........SUNRISE   555 AM MDT   SUNSET   815 PM MDT
MAY  4 2015...........SUNRISE   554 AM MDT   SUNSET   816 PM MDT


-  INDICATES NEGATIVE NUMBERS.
R  INDICATES RECORD WAS SET OR TIED.
MM INDICATES DATA IS MISSING.
T  INDICATES TRACE AMOUNT.




$$
