000
CDUS44 KSJT 030651
CLISJT


CLIMATE REPORT
NATIONAL WEATHER SERVICE SAN ANGELO TX
151 AM CDT SUN MAY 3 2015


...................................

...THE SAN ANGELO CLIMATE SUMMARY FOR MAY 2 2015...

CLIMATE NORMAL PERIOD 1981 TO 2010
CLIMATE RECORD PERIOD 1907 TO 2015


WEATHER ITEM   OBSERVED TIME   RECORD YEAR NORMAL DEPARTURE LAST
                VALUE   (LST)  VALUE       VALUE  FROM      YEAR
                                                  NORMAL
..................................................................
TEMPERATURE (F)
 YESTERDAY
  MAXIMUM         86    455 PM  99    1998  84      2       81
                                      1996
  MINIMUM         54    505 AM  35    1967  57     -3       43
  AVERAGE         70                        71     -1       62

PRECIPITATION (IN)
  YESTERDAY        0.00          1.54 1922   0.07  -0.07     0.00
  MONTH TO DATE    0.00                      0.14  -0.14     0.00
  SINCE MAR 1      3.48                      3.06   0.42     0.46
  SINCE JAN 1      5.74                      5.34   0.40     0.52

DEGREE DAYS
 HEATING
  YESTERDAY        0                         1     -1        3
  MONTH TO DATE    0                         2     -2        7
  SINCE MAR 1    330                       347    -17      356
  SINCE JUL 1   2177                      2308   -131     2476

 COOLING
  YESTERDAY        5                         7     -2        0
  MONTH TO DATE    6                        13     -7        0
  SINCE MAR 1    200                       164     36      250
  SINCE JAN 1    202                       169     33      253
..................................................................


WIND (MPH)
  HIGHEST WIND SPEED    21   HIGHEST WIND DIRECTION     S (190)
  HIGHEST GUST SPEED    26   HIGHEST GUST DIRECTION     S (190)
  AVERAGE WIND SPEED     9.7


SKY COVER
  POSSIBLE SUNSHINE  MM
  AVERAGE SKY COVER 0.0


WEATHER CONDITIONS
 THE FOLLOWING WEATHER WAS RECORDED YESTERDAY.
  NO SIGNIFICANT WEATHER WAS OBSERVED.


RELATIVE HUMIDITY (PERCENT)
 HIGHEST    77           500 AM
 LOWEST     23           300 PM
 AVERAGE    50

..........................................................


THE SAN ANGELO CLIMATE NORMALS FOR TODAY
                         NORMAL    RECORD    YEAR
 MAXIMUM TEMPERATURE (F)   85       103      1927
 MINIMUM TEMPERATURE (F)   58        35      2013


SUNRISE AND SUNSET
MAY  3 2015...........SUNRISE   655 AM CDT   SUNSET   823 PM CDT
MAY  4 2015...........SUNRISE   655 AM CDT   SUNSET   823 PM CDT


-  INDICATES NEGATIVE NUMBERS.
R  INDICATES RECORD WAS SET OR TIED.
MM INDICATES DATA IS MISSING.
T  INDICATES TRACE AMOUNT.




$$
