000
CDUS41 KBTV 050526
CLISLK

CLIMATE REPORT
NATIONAL WEATHER SERVICE BURLINGTON VT
120 AM EDT TUE MAY 5 2015

...................................

...THE SARANAC LAKE NY CLIMATE SUMMARY FOR MAY 4 2015...

CLIMATE NORMAL PERIOD 1981 TO 2010
CLIMATE RECORD PERIOD 9999 TO 9999


WEATHER ITEM   OBSERVED TIME   NORMAL DEPARTURE LAST
                VALUE   (LST)  VALUE  FROM      YEAR
                                      NORMAL
......................................................
TEMPERATURE (F)
 YESTERDAY
  MAXIMUM         78    314 PM  59     19       44
  MINIMUM         32    522 AM  32      0       38
  AVERAGE         55            46      9       41

PRECIPITATION (IN)
  YESTERDAY        0.03          0.10  -0.07     0.40
  MONTH TO DATE    0.03          0.38  -0.35     1.12
  SINCE MAR 1      3.36          5.55  -2.19     6.81
  SINCE JAN 1      4.23          9.29  -5.06     9.43

DEGREE DAYS
 HEATING
  YESTERDAY       10            19     -9       24
  MONTH TO DATE   59            79    -20       83
  SINCE MAR 1   2280          2145    135     2442
  SINCE JUL 1   9063          8850    213     9426

 COOLING
  YESTERDAY        0             0      0        0
  MONTH TO DATE    0             0      0        0
  SINCE MAR 1      0             0      0        0
  SINCE JAN 1      0             0      0        0
......................................................


WIND (MPH)
  HIGHEST WIND SPEED    25   HIGHEST WIND DIRECTION    SW (220)
  HIGHEST GUST SPEED    32   HIGHEST GUST DIRECTION    SW (210)
  AVERAGE WIND SPEED     9.6


SKY COVER
  AVERAGE SKY COVER 0.5


WEATHER CONDITIONS
 THE FOLLOWING WEATHER WAS RECORDED YESTERDAY.
  LIGHT RAIN
  FOG


RELATIVE HUMIDITY (PERCENT)
 HIGHEST    96           300 AM
 LOWEST     21           200 PM
 AVERAGE    59

..........................................................


THE SARANAC LAKE NY CLIMATE NORMALS FOR TODAY
                         NORMAL    RECORD    YEAR
 MAXIMUM TEMPERATURE (F)   60        78      2013
 MINIMUM TEMPERATURE (F)   33        20      2005


SUNRISE AND SUNSET
MAY  5 2015...........SUNRISE   542 AM EDT   SUNSET   805 PM EDT
MAY  6 2015...........SUNRISE   541 AM EDT   SUNSET   807 PM EDT


-  INDICATES NEGATIVE NUMBERS.
R  INDICATES RECORD WAS SET OR TIED.
MM INDICATES DATA IS MISSING.
T  INDICATES TRACE AMOUNT.

$$
