000
CDUS45 KPIH 260733
CLISNT


CLIMATE REPORT
NATIONAL WEATHER SERVICE POCATELLO ID
132 AM MDT SUN APR 26 2015


...................................

...THE STANLEY ID CLIMATE SUMMARY FOR APRIL 25 2015...

CLIMATE NORMAL PERIOD 1981 TO 2010
CLIMATE RECORD PERIOD 1916 TO 2015


WEATHER ITEM   OBSERVED TIME   RECORD YEAR NORMAL DEPARTURE LAST
                VALUE   (LST)  VALUE       VALUE  FROM      YEAR
                                                  NORMAL
..................................................................
TEMPERATURE (F)
 YESTERDAY
  MAXIMUM         45    223 PM  75    1977  51     -6       40
  MINIMUM         25    522 AM   5    1921  22      3       29
  AVERAGE         35                        36     -1       35

PRECIPITATION (IN)
  YESTERDAY        0.02          0.50 1983   0.06  -0.04     0.24
  MONTH TO DATE    1.07                      1.43  -0.36     2.17
  SINCE OCT 1     12.25                     11.40   0.85    15.31
  SINCE JAN 1      5.54                      6.55  -1.01    11.70

SNOWFALL (IN)
  YESTERDAY       MM
  MONTH TO DATE   MM
  SINCE MAR 1     MM
  SINCE JUL 1     MM
  SNOW DEPTH      MM

DEGREE DAYS
 HEATING
  YESTERDAY       30                        29      1       30
  MONTH TO DATE  717                       805    -88      799
  SINCE MAR 1   1653                      1989   -336     1946
  SINCE JUL 1   8031                      9523  -1492     9114

 COOLING
  YESTERDAY        0                         0      0        0
  MONTH TO DATE    0                         0      0        0
  SINCE MAR 1      0                         0      0        0
  SINCE JAN 1      0                         0      0        0
..................................................................


WIND (MPH)
  HIGHEST WIND SPEED    16   HIGHEST WIND DIRECTION     N (20)
  HIGHEST GUST SPEED    26   HIGHEST GUST DIRECTION     N (20)
  AVERAGE WIND SPEED     3.5


SKY COVER
  POSSIBLE SUNSHINE  MM
  AVERAGE SKY COVER 0.0


WEATHER CONDITIONS
 THE FOLLOWING WEATHER WAS RECORDED YESTERDAY.
  NO SIGNIFICANT WEATHER WAS OBSERVED.


RELATIVE HUMIDITY (PERCENT)
 HIGHEST    84           400 AM
 LOWEST     49           200 PM
 AVERAGE    67

..........................................................


THE STANLEY ID CLIMATE NORMALS FOR TODAY
                         NORMAL    RECORD    YEAR
 MAXIMUM TEMPERATURE (F)   51        75      1977
 MINIMUM TEMPERATURE (F)   22         8      1924


SUNRISE AND SUNSET
APRIL 26 2015.........SUNRISE   639 AM MDT   SUNSET   837 PM MDT
APRIL 27 2015.........SUNRISE   637 AM MDT   SUNSET   838 PM MDT


-  INDICATES NEGATIVE NUMBERS.
R  INDICATES RECORD WAS SET OR TIED.
MM INDICATES DATA IS MISSING.
T  INDICATES TRACE AMOUNT.




$$
