000
CDUS45 KCYS 262139
CLISNY


CLIMATE REPORT
NATIONAL WEATHER SERVICE CHEYENNE WY
338 PM MDT SUN APR 26 2015


...................................

...THE SIDNEY NE AIRPORT CLIMATE SUMMARY FOR APRIL 26 2015...
VALID AS OF 0300 PM LOCAL TIME.

CLIMATE NORMAL PERIOD 1981 TO 2010
CLIMATE RECORD PERIOD 1948 TO 2015


WEATHER ITEM   OBSERVED TIME   RECORD YEAR NORMAL DEPARTURE LAST
                VALUE   (LST)  VALUE       VALUE  FROM      YEAR
                                                  NORMAL
..................................................................
TEMPERATURE (F)
 TODAY
  MAXIMUM         48   1259 AM  85    1955  66    -18       77
  MINIMUM         42    147 PM  18    1953  37      5       33
  AVERAGE         45                        51     -6       55

PRECIPITATION (IN)
  TODAY            0.70          1.31 1972   0.07   0.63     0.00
  MONTH TO DATE    5.50                      1.69   3.81     0.40
  SINCE JAN 1      6.52                      3.31   3.21     1.91

DEGREE DAYS
 HEATING
  TODAY           20                        14      6       10
  MONTH TO DATE  476                       476      0      422
  SINCE MAR 1   1129                      1279   -150     1235
  SINCE JUL 1   5861                      5861      0     6224

 COOLING
  TODAY            0                         0      0        0
  MONTH TO DATE    0                         0      0        0
  SINCE MAR 1      0                         0      0        0
  SINCE JAN 1      0                         0      0        0
..................................................................


WIND (MPH)
  HIGHEST WIND SPEED    18   HIGHEST WIND DIRECTION    SE (120)
  HIGHEST GUST SPEED    22   HIGHEST GUST DIRECTION    SE (120)
  AVERAGE WIND SPEED    10.5


SKY COVER
  AVERAGE SKY COVER 1.0


WEATHER CONDITIONS
 THE FOLLOWING WEATHER WAS RECORDED TODAY.
  RAIN
  LIGHT RAIN
  FOG
  FOG W/VISIBILITY <= 1/4 MILE


RELATIVE HUMIDITY (PERCENT)
 HIGHEST   100           400 AM
 LOWEST     86           100 AM
 AVERAGE    93

..........................................................


THE SIDNEY NE AIRPORT CLIMATE NORMALS FOR TOMORROW
                         NORMAL    RECORD    YEAR
 MAXIMUM TEMPERATURE (F)   66        85      1981
                                             1953
 MINIMUM TEMPERATURE (F)   37        17      1994
                                             1969


SUNRISE AND SUNSET
APRIL 26 2015.........SUNRISE   557 AM MDT   SUNSET   743 PM MDT
APRIL 27 2015.........SUNRISE   555 AM MDT   SUNSET   744 PM MDT


-  INDICATES NEGATIVE NUMBERS.
R  INDICATES RECORD WAS SET OR TIED.
MM INDICATES DATA IS MISSING.
T  INDICATES TRACE AMOUNT.




$$
