000
CDUS43 KILX 260637
CLISPI


CLIMATE REPORT
NATIONAL WEATHER SERVICE LINCOLN IL
136 AM CDT SUN APR 26 2015


...................................

...THE SPRINGFIELD IL CLIMATE SUMMARY FOR APRIL 25 2015...

CLIMATE NORMAL PERIOD 1981 TO 2010
CLIMATE RECORD PERIOD 1879 TO 2015


WEATHER ITEM   OBSERVED TIME   RECORD YEAR NORMAL DEPARTURE LAST
                VALUE   (LST)  VALUE       VALUE  FROM      YEAR
                                                  NORMAL
..................................................................
TEMPERATURE (F)
 YESTERDAY
  MAXIMUM         57    336 PM  90    1986  68    -11       77
  MINIMUM         48   1159 PM  32    1972  46      2       49
                                      1968
  AVERAGE         53                        57     -4       63

PRECIPITATION (IN)
  YESTERDAY        0.42          1.59 1904   0.13   0.29     0.01
  MONTH TO DATE    2.12                      2.86  -0.74     3.03
  SINCE MAR 1      3.68                      5.49  -1.81     4.82
  SINCE JAN 1      6.96                      9.12  -2.16    10.25

SNOWFALL (IN)
  YESTERDAY        0.0           T    1910   0.0    0.0      0.0
  MONTH TO DATE    0.0                       0.3   -0.3      0.1
  SINCE MAR 1      3.7                       2.8    0.9      3.4
  SINCE JUL 1     33.9                      20.9   13.0     45.7
  SNOW DEPTH       0

DEGREE DAYS
 HEATING
  YESTERDAY       12                         9      3        2
  MONTH TO DATE  204                       325   -121      265
  SINCE MAR 1    956                      1036    -80     1120
  SINCE JUL 1   5525                      5307    218     6067

 COOLING
  YESTERDAY        0                         1     -1        0
  MONTH TO DATE   10                        14     -4        7
  SINCE MAR 1     10                        16     -6        7
  SINCE JAN 1     10                        16     -6        7
..................................................................


WIND (MPH)
  HIGHEST WIND SPEED    24   HIGHEST WIND DIRECTION    NE (50)
  HIGHEST GUST SPEED    32   HIGHEST GUST DIRECTION    NE (50)
  AVERAGE WIND SPEED    14.0


SKY COVER
  POSSIBLE SUNSHINE  MM
  AVERAGE SKY COVER 1.0


WEATHER CONDITIONS
 THE FOLLOWING WEATHER WAS RECORDED YESTERDAY.
  THUNDERSTORM
  HEAVY RAIN
  RAIN
  LIGHT RAIN
  FOG


RELATIVE HUMIDITY (PERCENT)
 HIGHEST    86           700 PM
 LOWEST     61          1200 AM
 AVERAGE    74

..........................................................


THE SPRINGFIELD IL CLIMATE NORMALS FOR TODAY
                         NORMAL    RECORD    YEAR
 MAXIMUM TEMPERATURE (F)   69        89      1986
 MINIMUM TEMPERATURE (F)   46        32      1976


SUNRISE AND SUNSET
APRIL 26 2015.........SUNRISE   606 AM CDT   SUNSET   748 PM CDT
APRIL 27 2015.........SUNRISE   605 AM CDT   SUNSET   749 PM CDT


-  INDICATES NEGATIVE NUMBERS.
R  INDICATES RECORD WAS SET OR TIED.
MM INDICATES DATA IS MISSING.
T  INDICATES TRACE AMOUNT.




$$
