000
CDUS44 KOUN 190630 RRA
CLISPS

CLIMATE REPORT
NATIONAL WEATHER SERVICE NORMAN OK
129 AM CDT SUN APR 19 2015


...................................

...THE WICHITA FALLS CLIMATE SUMMARY FOR APRIL 18 2015...

CLIMATE NORMAL PERIOD 1981 TO 2010
CLIMATE RECORD PERIOD 1897 TO 2015


WEATHER ITEM   OBSERVED TIME   RECORD YEAR NORMAL DEPARTURE LAST
                VALUE   (LST)  VALUE       VALUE  FROM      YEAR
                                                  NORMAL
..................................................................
TEMPERATURE (F)
 YESTERDAY
  MAXIMUM         77    443 PM 103    2011  77      0       73
  MINIMUM         56    457 AM  36    1944  50      6       49
  AVERAGE         67                        63      4       61

PRECIPITATION (IN)
  YESTERDAY        T             2.41 1990   0.10  -0.10     0.00
  MONTH TO DATE    1.31                      1.30   0.01     0.68
  SINCE JAN 1      5.69                      6.39  -0.70     3.21

SNOWFALL (IN)
  YESTERDAY        0.0                       0.0    0.0      0.0
  MONTH TO DATE    0.0                       0.0    0.0       T
  SINCE JUL 1      6.5                       3.9    2.6      5.0
  SNOW DEPTH       0

DEGREE DAYS
 HEATING
  YESTERDAY        0                         4     -4        4
  MONTH TO DATE   59                       107    -48      111
  SINCE JUL 1   2841                      2910    -69     3329

 COOLING
  YESTERDAY        2                         2      0        0
  MONTH TO DATE   55                        31     24       45
  SINCE JAN 1     72                        53     19       61
..................................................................


WIND (MPH)
  HIGHEST WIND SPEED    18   HIGHEST WIND DIRECTION    NE (30)
  HIGHEST GUST SPEED    27   HIGHEST GUST DIRECTION    NE (40)
  AVERAGE WIND SPEED     8.2


SKY COVER
  AVERAGE SKY COVER 0.6


WEATHER CONDITIONS
 THE FOLLOWING WEATHER WAS RECORDED YESTERDAY.
  THUNDERSTORM
  LIGHT RAIN
  FOG


RELATIVE HUMIDITY (PERCENT)
 HIGHEST   100           200 AM
 LOWEST     49           500 PM
 AVERAGE    75

..........................................................


THE WICHITA FALLS CLIMATE NORMALS FOR TODAY
                         NORMAL    RECORD    YEAR
 MAXIMUM TEMPERATURE (F)   77        97      1925
 MINIMUM TEMPERATURE (F)   50        33      2013


SUNRISE AND SUNSET
APRIL 19 2015.........SUNRISE   658 AM CDT   SUNSET   808 PM CDT
APRIL 20 2015.........SUNRISE   657 AM CDT   SUNSET   809 PM CDT


-  INDICATES NEGATIVE NUMBERS.
R  INDICATES RECORD WAS SET OR TIED.
MM INDICATES DATA IS MISSING.
T  INDICATES TRACE AMOUNT.




$$
