000
CDUS42 KTAE 070647
CLITLH


CLIMATE REPORT
NATIONAL WEATHER SERVICE TALLAHASSEE FL
245 AM EDT THU MAY 7 2015


...................................

...THE TALLAHASSEE CLIMATE SUMMARY FOR MAY 6 2015...

CLIMATE NORMAL PERIOD 1981 TO 2010
CLIMATE RECORD PERIOD 1896 TO 2015


WEATHER ITEM   OBSERVED TIME   RECORD YEAR NORMAL DEPARTURE LAST
                VALUE   (LST)  VALUE       VALUE  FROM      YEAR
                                                  NORMAL
..................................................................
TEMPERATURE (F)
 YESTERDAY
  MAXIMUM         88    328 PM  94    1955  85      3       90
  MINIMUM         65    542 AM  43    1973  58      7       59
  AVERAGE         77                        72      5       75

PRECIPITATION (IN)
  YESTERDAY        0.00          3.60 1956   0.09  -0.09     0.00
  MONTH TO DATE    0.00                      0.51  -0.51     0.19
  SINCE MAR 1      7.42                      9.51  -2.09    22.88
  SINCE JAN 1     16.61                     18.70  -2.09    30.93

SNOWFALL (IN)
  YESTERDAY        0.0                       0.0    0.0

DEGREE DAYS
 HEATING
  YESTERDAY        0                                0
  MONTH TO DATE    0                               -3
  SINCE MAR 1     75                             -175
  SINCE JUL 1   1441                             -152

 COOLING
  YESTERDAY       12                                5
  MONTH TO DATE   25                              -13
  SINCE MAR 1    420                              243
  SINCE JAN 1    427                              236
..................................................................


WIND (MPH)
  HIGHEST WIND SPEED    16   HIGHEST WIND DIRECTION     E (90)
  HIGHEST GUST SPEED    30   HIGHEST GUST DIRECTION    NW (330)
  AVERAGE WIND SPEED     5.7




RELATIVE HUMIDITY (PERCENT)
 HIGHEST    87
 LOWEST     36
 AVERAGE    62

..........................................................


THE TALLAHASSEE CLIMATE NORMALS FOR TODAY
                         NORMAL    RECORD    YEAR
 MAXIMUM TEMPERATURE (F)   85        94      1993
                                             1984
                                             1955
 MINIMUM TEMPERATURE (F)   59        47      1992
                                             1989


SUNRISE AND SUNSET
MAY  7 2015...........SUNRISE   649 AM EDT   SUNSET   819 PM EDT
MAY  8 2015...........SUNRISE   648 AM EDT   SUNSET   820 PM EDT


-  INDICATES NEGATIVE NUMBERS.
R  INDICATES RECORD WAS SET OR TIED.
MM INDICATES DATA IS MISSING.
T  INDICATES TRACE AMOUNT.




$$
