000
CDUS41 KCLE 062116
CLITOL


CLIMATE REPORT
NATIONAL WEATHER SERVICE CLEVELAND OH
515 PM EDT WED MAY 6 2015


...................................

...THE TOLEDO OH CLIMATE SUMMARY FOR MAY 6 2015...
VALID TODAY AS OF 0500 PM LOCAL TIME.

CLIMATE NORMAL PERIOD 1981 TO 2010
CLIMATE RECORD PERIOD 1873 TO 2015


WEATHER ITEM   OBSERVED TIME   RECORD YEAR NORMAL DEPARTURE LAST
                VALUE   (LST)  VALUE       VALUE  FROM      YEAR
                                                  NORMAL
..................................................................
TEMPERATURE (F)
 TODAY
  MAXIMUM         70    259 PM  90    1949  68      2       61
  MINIMUM         51    710 AM  26    1968  45      6       36
  AVERAGE         61                        57      4       49

PRECIPITATION (IN)
  TODAY            0.00                      0.11  -0.11     0.00
  MONTH TO DATE    0.20                      0.66  -0.46     0.02
  SINCE MAR 1      4.23                      6.33  -2.10     4.72
  SINCE JAN 1      7.85                     10.45  -2.60    11.90

SNOWFALL (IN)
  TODAY            0.0                       0.1   -0.1      0.0
  MONTH TO DATE    0.0                       0.1   -0.1      0.0
  SINCE MAR 1      5.4                       7.1   -1.7     12.8
  SINCE JUL 1     45.7                      37.6    8.1     86.3
  SNOW DEPTH       0

DEGREE DAYS
 HEATING
  TODAY            4                         9     -5       16
  MONTH TO DATE   26                        58    -32       90
  SINCE MAR 1   1499                      1384    115     1689
  SINCE JUL 1   6755                      5960    795     7015

 COOLING
  TODAY            0                         1     -1        0
  MONTH TO DATE    2                         3     -1        0
  SINCE MAR 1      2                        11     -9        2
  SINCE JAN 1      2                        11     -9        2
..................................................................


WIND (MPH)
  HIGHEST WIND SPEED    10   HIGHEST WIND DIRECTION     E (90)
  HIGHEST GUST SPEED    14   HIGHEST GUST DIRECTION     E (70)


SKY COVER
  POSSIBLE SUNSHINE  MM
  AVERAGE SKY COVER 0.8


WEATHER CONDITIONS
 THE FOLLOWING WEATHER WAS RECORDED TODAY.
  FOG
  FOG W/VISIBILITY <= 1/4 MILE
  HAZE


RELATIVE HUMIDITY (PERCENT)
 HIGHEST   100           100 AM
 LOWEST     66           300 PM
 AVERAGE    83

..........................................................


THE TOLEDO OH CLIMATE NORMALS FOR TOMORROW
                         NORMAL    RECORD    YEAR
 MAXIMUM TEMPERATURE (F)   68        87      1936
                                             1926
 MINIMUM TEMPERATURE (F)   46        25      1974


SUNRISE AND SUNSET
MAY  6 2015...........SUNRISE   626 AM EDT   SUNSET   838 PM EDT
MAY  7 2015...........SUNRISE   625 AM EDT   SUNSET   839 PM EDT


-  INDICATES NEGATIVE NUMBERS.
R  INDICATES RECORD WAS SET OR TIED.
MM INDICATES DATA IS MISSING.
T  INDICATES TRACE AMOUNT.




$$
