000
CDUS43 KAPX 032145
CLITVC


CLIMATE REPORT
NATIONAL WEATHER SERVICE GAYLORD MI
545 PM EDT SUN MAY 3 2015


...................................

...THE TRAVERSE CITY MI CLIMATE SUMMARY FOR MAY 3 2015...
VALID TODAY AS OF 0500 PM LOCAL TIME.

CLIMATE NORMAL PERIOD 1981 TO 2010
CLIMATE RECORD PERIOD 1896 TO 2015


WEATHER ITEM   OBSERVED TIME   RECORD YEAR NORMAL DEPARTURE LAST
                VALUE   (LST)  VALUE       VALUE  FROM      YEAR
                                                  NORMAL
..................................................................
TEMPERATURE (F)
 TODAY
  MAXIMUM         81    354 PM  88    1955  61     20       53
  MINIMUM         58    602 AM  22    1967  37     21       34
  AVERAGE         70                        49     21       44

PRECIPITATION (IN)
  TODAY            0.00          1.59 2012   0.08  -0.08     0.17
  MONTH TO DATE    0.00                      0.24  -0.24     0.22
  SINCE MAR 1      1.93                      4.88  -2.95     5.30
  SINCE JAN 1      2.71                      9.20  -6.49     6.72

DEGREE DAYS
 HEATING
  TODAY            0                        16    -16       21
  MONTH TO DATE   23                        49    -26       59
  SINCE MAR 1   1756                      1776    -20     2091
  SINCE JUL 1   7488                      7116    372     7813

 COOLING
  TODAY            5                         0      5        0
  MONTH TO DATE    5                         0      5        0
  SINCE MAR 1      5                         3      2        0
  SINCE JAN 1      5                         3      2        0
..................................................................


WIND (MPH)
  RESULTANT WIND SPEED   6   RESULTANT WIND DIRECTION   S (200)
  HIGHEST WIND SPEED    17   HIGHEST WIND DIRECTION    SW (230)
  HIGHEST GUST SPEED    26   HIGHEST GUST DIRECTION    SW (230)
  AVERAGE WIND SPEED     8.0


SKY COVER
  POSSIBLE SUNSHINE  MM
  AVERAGE SKY COVER 0.4


WEATHER CONDITIONS
 THE FOLLOWING WEATHER WAS RECORDED TODAY.
  NO SIGNIFICANT WEATHER WAS OBSERVED.


RELATIVE HUMIDITY (PERCENT)
 HIGHEST    44           800 AM
 LOWEST     28           400 PM
 AVERAGE    36

..........................................................




SUNRISE AND SUNSET
MAY  3 2015...........SUNRISE   630 AM EDT   SUNSET   849 PM EDT
MAY  4 2015...........SUNRISE   628 AM EDT   SUNSET   851 PM EDT


-  INDICATES NEGATIVE NUMBERS.
R  INDICATES RECORD WAS SET OR TIED.
MM INDICATES DATA IS MISSING.
T  INDICATES TRACE AMOUNT.




$$
