000
CDUS45 KBOI 200931
CLITWF


CLIMATE REPORT
NATIONAL WEATHER SERVICE BOISE ID
331 AM MDT MON APR 20 2015


...................................

...THE TWIN FALLS ID CLIMATE SUMMARY FOR APRIL 19 2015...

CLIMATE NORMAL PERIOD 1981 TO 2010
CLIMATE RECORD PERIOD 9999 TO 9999


WEATHER ITEM   OBSERVED TIME   NORMAL DEPARTURE LAST
                VALUE   (LST)  VALUE  FROM      YEAR
                                      NORMAL
......................................................
TEMPERATURE (F)
 YESTERDAY
  MAXIMUM         68    458 PM  62      6       73
  MINIMUM         38    627 AM  36      2       35
  AVERAGE         53

PRECIPITATION (IN)
  YESTERDAY        0.00          0.04  -0.04     0.00
  MONTH TO DATE    0.21          0.69  -0.48     0.19
  SINCE OCT 1      4.83          6.77  -1.94     4.79
  SINCE JAN 1      1.83          3.52  -1.69     4.32

DEGREE DAYS
 HEATING
  YESTERDAY       12            16     -4       11
  MONTH TO DATE  333           346    -13      281
  SINCE MAR 1    823          1068   -245      887
  SINCE JUL 1   4516          5635  -1119     5140

 COOLING
  YESTERDAY        0             0      0        0
  MONTH TO DATE    0             0      0        0
  SINCE MAR 1      0             0      0        0
  SINCE JAN 1      0             0      0        0
......................................................


WIND (MPH)
  HIGHEST WIND SPEED    16   HIGHEST WIND DIRECTION     S (190)
  HIGHEST GUST SPEED    23   HIGHEST GUST DIRECTION     S (200)
  AVERAGE WIND SPEED     9.1


SKY COVER
  AVERAGE SKY COVER 0.0


WEATHER CONDITIONS
 THE FOLLOWING WEATHER WAS RECORDED YESTERDAY.
  NO SIGNIFICANT WEATHER WAS OBSERVED.


RELATIVE HUMIDITY (PERCENT)
 HIGHEST    43           700 AM
 LOWEST     20          1100 AM
 AVERAGE    32

..........................................................




SUNRISE AND SUNSET
APRIL 20 2015.........SUNRISE   649 AM MDT   SUNSET   825 PM MDT
APRIL 21 2015.........SUNRISE   648 AM MDT   SUNSET   826 PM MDT


-  INDICATES NEGATIVE NUMBERS.
R  INDICATES RECORD WAS SET OR TIED.
MM INDICATES DATA IS MISSING.
T  INDICATES TRACE AMOUNT.




$$
