000
CDUS44 KSHV 260750
CLITYR


CLIMATE REPORT
NATIONAL WEATHER SERVICE SHREVEPORT, LA
247 AM CDT SUN APR 26 2015


...................................

...THE TYLER CLIMATE SUMMARY FOR APRIL 25 2015...

CLIMATE NORMAL PERIOD 1981 TO 2010
CLIMATE RECORD PERIOD 1896 TO 2015


WEATHER ITEM   OBSERVED TIME   RECORD YEAR NORMAL DEPARTURE LAST
                VALUE   (LST)  VALUE       VALUE  FROM      YEAR
                                                  NORMAL
..................................................................
TEMPERATURE (F)
 YESTERDAY
  MAXIMUM         87    411 PM  92    1925  77     10       82
  MINIMUM         62   1159 PM  32    1910  57      5       54
  AVERAGE         75                        67      8       68

PRECIPITATION (IN)
  YESTERDAY        0.00          3.61 1923   0.13  -0.13     0.00
  MONTH TO DATE    8.04                      2.54   5.50     2.47
  SINCE DEC 1     23.48                     17.77   5.71    11.79
  SINCE JAN 1     22.01                     13.53   8.48     8.77

SNOWFALL (IN)
  YESTERDAY        0.0
  MONTH TO DATE    0.0
  SINCE MAR 1      0.5
  SINCE JUL 1      2.1
  SNOW DEPTH       0

DEGREE DAYS
 HEATING
  YESTERDAY        0                         1     -1        0
  MONTH TO DATE   31                        92    -61       97
  SINCE MAR 1    296                       365    -69      446
  SINCE JUL 1   2183                      2257    -74     2510

 COOLING
  YESTERDAY       10                         4      6        3
  MONTH TO DATE  129                        57     72       88
  SINCE MAR 1    161                        78     83      101
  SINCE JAN 1    161                        90     71      104
..................................................................


WIND (MPH)
  HIGHEST WIND SPEED    16   HIGHEST WIND DIRECTION     W (250)
  HIGHEST GUST SPEED    21   HIGHEST GUST DIRECTION    SW (240)
  AVERAGE WIND SPEED     8.8


SKY COVER
  POSSIBLE SUNSHINE  MM
  AVERAGE SKY COVER 0.2


WEATHER CONDITIONS
 THE FOLLOWING WEATHER WAS RECORDED YESTERDAY.
  FOG


RELATIVE HUMIDITY (PERCENT)
 HIGHEST    93          1200 AM
 LOWEST     26           400 PM
 AVERAGE    60

..........................................................


THE TYLER CLIMATE NORMALS FOR TODAY
                         NORMAL    RECORD    YEAR
 MAXIMUM TEMPERATURE (F)   78        91      1925
 MINIMUM TEMPERATURE (F)   58        38      1910


SUNRISE AND SUNSET
APRIL 26 2015.........SUNRISE   640 AM CDT   SUNSET   759 PM CDT
APRIL 27 2015.........SUNRISE   639 AM CDT   SUNSET   800 PM CDT


-  INDICATES NEGATIVE NUMBERS.
R  INDICATES RECORD WAS SET OR TIED.
MM INDICATES DATA IS MISSING.
T  INDICATES TRACE AMOUNT.




$$
