000
CDUS46 KSEW 030833
CLIUIL


CLIMATE REPORT
NATIONAL WEATHER SERVICE SEATTLE WA
133 AM PDT SUN MAY 3 2015


...................................

...THE QUILLAYUTE WA AIRPORT CLIMATE SUMMARY FOR MAY 2 2015...

CLIMATE NORMAL PERIOD 1981 TO 2010
CLIMATE RECORD PERIOD 1966 TO 2015


WEATHER ITEM   OBSERVED TIME   RECORD YEAR NORMAL DEPARTURE LAST
                VALUE   (LST)  VALUE       VALUE  FROM      YEAR
                                                  NORMAL
..................................................................
TEMPERATURE (F)
 YESTERDAY
  MAXIMUM         61    211 PM  77    1991  58      3       58
  MINIMUM         39   1159 PM  33    1974  41     -2       49
  AVERAGE         50                        49      1       54

PRECIPITATION (IN)
  YESTERDAY        0.00          2.74 1975   0.19  -0.19     0.10
  MONTH TO DATE    0.01                      0.38  -0.37     0.10
  SINCE OCT 1     85.49                     83.02   2.47    65.61
  SINCE JAN 1     40.74                     44.02  -3.28    48.38

DEGREE DAYS
 HEATING
  YESTERDAY       15                        16     -1       11
  MONTH TO DATE   30                        32     -2       11
  SINCE MAR 1   1089                      1229   -140     1099
  SINCE JUL 1   3999                      5074  -1075     4293

 COOLING
  YESTERDAY        0                         0      0        0
  MONTH TO DATE    0                         0      0        2
  SINCE MAR 1      0                         0      0        4
  SINCE JAN 1      0                         0      0        4
..................................................................


WIND (MPH)
  RESULTANT WIND SPEED   2   RESULTANT WIND DIRECTION   W (290)
  HIGHEST WIND SPEED    14   HIGHEST WIND DIRECTION    NW (300)
  HIGHEST GUST SPEED    19   HIGHEST GUST DIRECTION     W (290)
  AVERAGE WIND SPEED     6.2


SKY COVER
  AVERAGE SKY COVER 0.2


WEATHER CONDITIONS
 THE FOLLOWING WEATHER WAS RECORDED YESTERDAY.
  NO SIGNIFICANT WEATHER WAS OBSERVED.


RELATIVE HUMIDITY (PERCENT)
 HIGHEST   100           600 AM
 LOWEST     53           300 PM
 AVERAGE    77

..........................................................


THE QUILLAYUTE WA AIRPORT CLIMATE NORMALS FOR TODAY
                         NORMAL    RECORD    YEAR
 MAXIMUM TEMPERATURE (F)   58        83      1992
 MINIMUM TEMPERATURE (F)   41        32      2006
                                             1980


SUNRISE AND SUNSET
MAY  3 2015...........SUNRISE   557 AM PDT   SUNSET   834 PM PDT
MAY  4 2015...........SUNRISE   556 AM PDT   SUNSET   835 PM PDT


-  INDICATES NEGATIVE NUMBERS.
R  INDICATES RECORD WAS SET OR TIED.
MM INDICATES DATA IS MISSING.
T  INDICATES TRACE AMOUNT.




$$
