000
CDUS43 KUNR 050834
CLIUNR


CLIMATE REPORT
NATIONAL WEATHER SERVICE RAPID CITY SD
232 AM MDT TUE MAY 5 2015


...................................

...THE EAST RAPID CITY SD CLIMATE SUMMARY FOR MAY 4 2015...

CLIMATE NORMAL PERIOD 1981 TO 2010
CLIMATE RECORD PERIOD 1888 TO 2015


WEATHER ITEM   OBSERVED RECORD YEAR NORMAL DEPARTURE LAST
                VALUE   VALUE       VALUE  FROM      YEAR
                                           NORMAL
...........................................................
TEMPERATURE (F)
 YESTERDAY
  MAXIMUM         57     90    1966  63     -6       61
  MINIMUM         43     23    1891  41      2       39
  AVERAGE         50                 52     -2       50

PRECIPITATION (IN)
  YESTERDAY        0.34   0.72 1969   0.11   0.23     0.00
  MONTH TO DATE    0.34               0.46  -0.12      T
  SINCE MAR 1      1.39               3.55  -2.16     2.81
  SINCE JAN 1      1.94               4.32  -2.38     3.32

SNOWFALL (IN)
  YESTERDAY        0.0    5.6  1905   0.2   -0.2      0.0
  MONTH TO DATE    0.0                0.7   -0.7      0.0
  SINCE MAR 1      1.4               21.3  -19.9     22.8
  SINCE JUL 1     37.1               48.0  -10.9     72.9
  SNOW DEPTH       0

DEGREE DAYS
 HEATING
  YESTERDAY       15                 13      2       15
  MONTH TO DATE   28                 55    -27       61
  SINCE MAR 1   1167               1567   -400     1686
  SINCE JUL 1   5863               6521   -658     7034

 COOLING
  YESTERDAY        0                  0      0        0
  MONTH TO DATE    2                  0      2        0
  SINCE MAR 1      8                  1      7        0
  SINCE JAN 1      8                  1      7        0
...........................................................


WIND (MPH)
  HIGHEST GUST SPEED    26   HIGHEST GUST DIRECTION    SE (140)



WEATHER CONDITIONS
 THE FOLLOWING WEATHER WAS RECORDED YESTERDAY.
  LIGHT RAIN


..........................................................


THE EAST RAPID CITY SD CLIMATE NORMALS FOR TODAY
                         NORMAL    RECORD    YEAR
 MAXIMUM TEMPERATURE (F)   63        92      2000
 MINIMUM TEMPERATURE (F)   41        25      1944


SUNRISE AND SUNSET
MAY  5 2015...........SUNRISE   539 AM MDT   SUNSET   801 PM MDT
MAY  6 2015...........SUNRISE   538 AM MDT   SUNSET   802 PM MDT


-  INDICATES NEGATIVE NUMBERS.
R  INDICATES RECORD WAS SET OR TIED.
MM INDICATES DATA IS MISSING.
T  INDICATES TRACE AMOUNT.




$$
