000
CDUS44 KCRP 270925 RRA
CLIVCT

CLIMATE REPORT
NATIONAL WEATHER SERVICE CORPUS CHRISTI TX
424 AM CDT MON APR 27 2015


...................................

...THE VICTORIA CLIMATE SUMMARY FOR APRIL 26 2015...

CLIMATE NORMAL PERIOD 1981 TO 2010
CLIMATE RECORD PERIOD 1893 TO 2015


WEATHER ITEM   OBSERVED TIME   RECORD YEAR NORMAL DEPARTURE LAST
                VALUE   (LST)  VALUE       VALUE  FROM      YEAR
                                                  NORMAL
..................................................................
TEMPERATURE (F)
 YESTERDAY
  MAXIMUM         85   1153 AM  96    1933  83      2       87
  MINIMUM         72    854 PM  46    1913  62     10       68
  AVERAGE         79                        72      7       78

PRECIPITATION (IN)
  YESTERDAY        0.00          2.64 1990   0.10  -0.10     0.00
  MONTH TO DATE    6.81                      2.35   4.46     0.38
  SINCE MAR 1     15.18                      5.12  10.06     2.00
  SINCE JAN 1     19.23                      9.72   9.51     3.66

SNOWFALL (IN)
  YESTERDAY        0.0
  MONTH TO DATE    0.0
  SINCE MAR 1      0.0
  SINCE JUL 1      0.0
  SNOW DEPTH       0

DEGREE DAYS
 HEATING
  YESTERDAY        0                         0      0        0
  MONTH TO DATE    0                        29    -29       32
  SINCE MAR 1    139                       154    -15      237
  SINCE JUL 1   1219                      1247    -28     1490

 COOLING
  YESTERDAY       14                         8      6       13
  MONTH TO DATE  217                       144     73      154
  SINCE MAR 1    277                       218     59      206
  SINCE JAN 1    292                       256     36      264
..................................................................


WIND (MPH)
  HIGHEST WIND SPEED    20   HIGHEST WIND DIRECTION    SE (140)
  HIGHEST GUST SPEED    24   HIGHEST GUST DIRECTION    SE (140)
  AVERAGE WIND SPEED     8.6


SKY COVER
  POSSIBLE SUNSHINE  MM
  AVERAGE SKY COVER 0.9


WEATHER CONDITIONS
 THE FOLLOWING WEATHER WAS RECORDED YESTERDAY.
  FOG
  HAZE


RELATIVE HUMIDITY (PERCENT)
 HIGHEST   100          1200 AM
 LOWEST     74          1100 AM
 AVERAGE    87

..........................................................


THE VICTORIA CLIMATE NORMALS FOR TODAY
                         NORMAL    RECORD    YEAR
 MAXIMUM TEMPERATURE (F)   83        97      2011
                                             1933
 MINIMUM TEMPERATURE (F)   63        48      1908


SUNRISE AND SUNSET
APRIL 27 2015.........SUNRISE   650 AM CDT   SUNSET   801 PM CDT
APRIL 28 2015.........SUNRISE   649 AM CDT   SUNSET   801 PM CDT


-  INDICATES NEGATIVE NUMBERS.
R  INDICATES RECORD WAS SET OR TIED.
MM INDICATES DATA IS MISSING.
T  INDICATES TRACE AMOUNT.




$$
