000
CDUS42 KTAE 180634
CLIVLD


CLIMATE REPORT
NATIONAL WEATHER SERVICE TALLAHASSEE FL
231 AM EDT SAT APR 18 2015

...................................

...THE VALDOSTA CLIMATE SUMMARY FOR APRIL 17 2015...

CLIMATE NORMAL PERIOD 1981 TO 2010
CLIMATE RECORD PERIOD 1948 TO 2015


WEATHER ITEM   OBSERVED TIME   NORMAL DEPARTURE LAST
                VALUE   (LST)  VALUE  FROM      YEAR
                                      NORMAL
......................................................
TEMPERATURE (F)
 YESTERDAY
  MAXIMUM         76    240 PM  80     -4       72
  MINIMUM         61    834 AM  53      8       52
  AVERAGE         69            66      3       62

PRECIPITATION (IN)
  YESTERDAY        0.02          0.08  -0.06     0.00
  MONTH TO DATE    1.37          1.88  -0.51     5.40
  SINCE MAR 1      3.87          6.75  -2.88     9.56
  SINCE JAN 1     13.03         15.48  -2.45    15.70

DEGREE DAYS
 HEATING
  YESTERDAY        0             2     -2        3
  MONTH TO DATE    0            51    -51       16
  SINCE MAR 1     96           237   -141      175
  SINCE JUL 1   1580          1617    -37     1226

 COOLING
  YESTERDAY        4             3      1        0
  MONTH TO DATE  127            40     87       81
  SINCE MAR 1    219            73    146      114
  SINCE JAN 1    223            83    140      146
......................................................


WIND (MPH)
  HIGHEST WIND SPEED     8   HIGHEST WIND DIRECTION     S (160)
  HIGHEST GUST SPEED    11   HIGHEST GUST DIRECTION    NE (30)
  AVERAGE WIND SPEED     3.6




RELATIVE HUMIDITY (PERCENT)
 HIGHEST   100
 LOWEST     73
 AVERAGE    87

..........................................................




SUNRISE AND SUNSET
APRIL 18 2015.........SUNRISE   702 AM EDT   SUNSET   803 PM EDT
APRIL 19 2015.........SUNRISE   701 AM EDT   SUNSET   804 PM EDT


-  INDICATES NEGATIVE NUMBERS.
R  INDICATES RECORD WAS SET OR TIED.
MM INDICATES DATA IS MISSING.
T  INDICATES TRACE AMOUNT.

$$
