000
CDUS42 KMLB 260635
CLIVRB


CLIMATE REPORT
NATIONAL WEATHER SERVICE MELBOURNE FL
235 AM EDT SUN APR 26 2015


...................................

...THE VERO BEACH CLIMATE SUMMARY FOR APRIL 25 2015...

CLIMATE NORMAL PERIOD 1981 TO 2010
CLIMATE RECORD PERIOD 1942 TO 2015


WEATHER ITEM   OBSERVED TIME   RECORD YEAR NORMAL DEPARTURE LAST
                VALUE   (LST)  VALUE       VALUE  FROM      YEAR
                                                  NORMAL
..................................................................
TEMPERATURE (F)
 YESTERDAY
  MAXIMUM         90    222 PM  95    1945  82      8       86
  MINIMUM         68    601 AM  44    2012  63      5       63
                                      2005
  AVERAGE         79                        72      7       75

PRECIPITATION (IN)
  YESTERDAY        T             1.76 1991   0.09  -0.09     0.00
  MONTH TO DATE    2.37                      2.30   0.07     1.99
  SINCE MAR 1      4.75                      6.42  -1.67     3.94
  SINCE JAN 1      8.38                     11.59  -3.21    10.49

SNOWFALL (IN)
  YESTERDAY        0.0
  MONTH TO DATE    0.0
  SINCE JUL 1      0.0

DEGREE DAYS
 HEATING
  YESTERDAY        0                         0      0        0
  MONTH TO DATE    0                        13    -13        5
  SINCE MAR 1     12                        68    -56       33
  SINCE JUL 1    384                       453    -69      268

 COOLING
  YESTERDAY       14                         7      7       10
  MONTH TO DATE  294                       150    144      168
  SINCE MAR 1    537                       279    258      288
  SINCE JAN 1    662                       418    244      496
..................................................................


WIND (MPH)
  HIGHEST WIND SPEED    15   HIGHEST WIND DIRECTION     W (260)
  HIGHEST GUST SPEED    20   HIGHEST GUST DIRECTION     S (170)
  AVERAGE WIND SPEED     7.2


SKY COVER
  AVERAGE SKY COVER 0.2


WEATHER CONDITIONS
 THE FOLLOWING WEATHER WAS RECORDED YESTERDAY.
  FOG


RELATIVE HUMIDITY (PERCENT)
 HIGHEST    90           400 AM
 LOWEST     52           200 PM
 AVERAGE    71

..........................................................


THE VERO BEACH CLIMATE NORMALS FOR TODAY
                         NORMAL    RECORD    YEAR
 MAXIMUM TEMPERATURE (F)   82        95      1945
 MINIMUM TEMPERATURE (F)   63        48      1983


SUNRISE AND SUNSET
APRIL 26 2015.........SUNRISE   647 AM EDT   SUNSET   753 PM EDT
APRIL 27 2015.........SUNRISE   646 AM EDT   SUNSET   753 PM EDT


-  INDICATES NEGATIVE NUMBERS.
R  INDICATES RECORD WAS SET OR TIED.
MM INDICATES DATA IS MISSING.
T  INDICATES TRACE AMOUNT.




$$
