000
CDAK47 PAYA 040908
CLIYAK

CLIMATE REPORT
NATIONAL WEATHER SERVICE YAKUTAT, AK
108 AM AKDT MON MAY 4 2015

...................................
...THE YAKUTAT AP CLIMATE SUMMARY FOR MAY 3 2015...

CLIMATE NORMAL PERIOD  1981 TO  2010
CLIMATE RECORD PERIOD  1948 TO  2015

WEATHER ITEM   OBSERVED TIME    RECORD YEAR NORMAL DEPARTURE LAST
               VALUE    (LST)   VALUE       VALUE  FROM      YEAR
                                                   NORMAL
...................................................................
TEMPERATURE
YESTERDAY
 MAXIMUM            57  0552 PM    69  2014     50       7     69
 MINIMUM            28  0422 AM    23  1968     34      -6     34
 AVERAGE            43                          42       1     52

PRECIPITATION
(INCHES)
 YESTERDAY        0.00           4.14  1992   0.28   -0.28   0.00
 MONTH TO DATE    0.09                        0.86   -0.77   0.00
 SINCE MAR 1     24.68                       21.09    3.59   7.92
 SINCE JAN 1     49.05                       45.61    3.44  34.98

SNOWFALL
(INCHES)
 YESTERDAY         0.0            5.0  1964    0.1    -0.1    0.0
 MONTH TO DATE     0.0                         0.2    -0.2    0.0
 SINCE MAR 1      34.3                        37.6    -3.3   13.6
 SINCE JUL 1      47.1                       139.8   -92.7  109.0
 SNOW DEPTH (IN)     0                                          0

DEGREE DAYS
 HEATING
  YESTERDAY         22                          23      -1     13
  MONTH TO DATE     71                          70       1     41
  SINCE MAR 1     1767                        1908    -141   1947
  SINCE JUL 1     7199                        8037    -838   7760

 COOLING
  YESTERDAY          0                           0       0      0
  MONTH TO DATE      0                           0       0      0
  SINCE MAR 1        0                           0       0      0
  SINCE JAN 1        0                           0       0      0
...................................................................

WIND (MPH)
 HIGHEST WIND SPEED    13     HIGHEST WIND DIRECTION    350
 HIGHEST GUST SPEED    17     HIGHEST GUST DIRECTION    350
 AVERAGE WIND SPEED   4.7

SKY COVER
  POSSIBLE SUNSHINE    MM          AVERAGE SKY COVER     MM

WEATHER CONDITIONS
 THE FOLLOWING WEATHER WAS RECORDED YESTERDAY.
  FOG


RELATIVE HUMIDITY
 HIGHEST RH     MM PERCENT       MM
 LOWEST  RH     MM PERCENT       MM
 AVERAGE RH     MM PERCENT       MM
...................................................................

THE YAKUTAT CLIMATE NORMALS FOR TODAY
                           NORMAL    RECORD   YEAR
 MAXIMUM TEMPERATURE (F)     50        64     1980
 MINIMUM TEMPERATURE (F)     34        22     1968

SUNRISE AND SUNSET
 MAY 4 2015..........SUNRISE  5:12 AM      SUNSET  9:22 PM
 MAY 5 2015..........SUNRISE  5:09 AM      SUNSET  9:24 PM

-  INDICATES NEGATIVE NUMBERS.
R  INDICATES RECORD HAS BEEN SET OR TIED.
MM INDICATES DATA IS MISSING.
T  INDICATES TRACE OF PRECIPITATION.

&&
-------------------------------------------------------------------

AMOUNT OF DAYLIGHT TODAY  (HOUR:MIN)........16 HOURS 10 MINUTES
GAIN/LOSS SINCE YESTERDAY (HOUR:MIN:SEC)....+0:05:00

$$
*** MAY 15
