000
CXUS51 KCTP 011104
CLMAOO

PHLCLMAOO 000
TTAA00 KCTP 011026


CLIMATE REPORT
NATIONAL WEATHER SERVICE STATE COLLEGE PA
700 AM EDT WED APR 1 2015

...................................

...THE ALTOONA CLIMATE SUMMARY FOR THE MONTH OF MARCH 2015...

CLIMATE NORMAL PERIOD 1981 TO 2010
CLIMATE RECORD PERIOD 1948 TO 2015

WEATHER         OBSERVED          NORMAL  DEPART  LAST YEAR`S
                 VALUE   DATE(S)  VALUE   FROM    VALUE  DATE(S)
                                          NORMAL
................................................................
TEMPERATURE (F)
RECORD
 HIGH              85   03/31/1998
                        03/30/1998
 LOW                1   03/02/1980
                        03/09/1960
HIGHEST            70   03/26                         64  03/28
                                                          03/11
LOWEST              2   03/06                          6  03/04
AVG. MAXIMUM     44.5              46.5    -2.0     42.2
AVG. MINIMUM     25.4              28.1    -2.7     24.0
MEAN             35.0              37.3    -2.3     33.1
DAYS MAX >= 90      0                MM      MM        0
DAYS MAX <= 32      4                MM      MM        7
DAYS MIN <= 32     25                MM      MM       22
DAYS MIN <= 0       0                MM      MM        0

PRECIPITATION (INCHES)
RECORD
 MAXIMUM         6.27   1967
 MINIMUM         0.51   1966
TOTALS           2.43              3.07   -0.64     2.05
DAILY AVG.       0.08              0.10   -0.02     0.07
DAYS >= .01        12                MM      MM        8
DAYS >= .10         7                MM      MM        3
DAYS >= .50         2                MM      MM        2
DAYS >= 1.00        0                MM      MM        1
GREATEST
 24 HR. TOTAL    0.54   03/03 TO 03/03


DEGREE_DAYS
HEATING TOTAL     926               859      67      947
 SINCE 7/1       5719              5414     305     5691
COOLING TOTAL       0                 1      -1        0
 SINCE 1/1          0                 1      -1        0
......................................................

WIND (MPH)
AVERAGE WIND SPEED              9.1
HIGHEST WIND SPEED/DIRECTION    38/300    DATE  03/15
HIGHEST GUST SPEED/DIRECTION    49/290    DATE  03/15

SKY COVER
POSSIBLE SUNSHINE (PERCENT)   MM
AVERAGE SKY COVER           0.50
NUMBER OF DAYS FAIR           10
NUMBER OF DAYS PC             11
NUMBER OF DAYS CLOUDY         10

AVERAGE RH (PERCENT)     63

WEATHER CONDITIONS. NUMBER OF DAYS WITH
THUNDERSTORM              0     MIXED PRECIP               0
HEAVY RAIN                0     RAIN                       1
LIGHT RAIN               10     FREEZING RAIN              1
LT FREEZING RAIN          2     HAIL                       0
HEAVY SNOW                1     SNOW                       1
LIGHT SNOW               11     SLEET                      0
FOG                      15     FOG W/VIS <= 1/4 MILE      4
HAZE                      7

-  INDICATES NEGATIVE NUMBERS.
R  INDICATES RECORD WAS SET OR TIED.
MM INDICATES DATA IS MISSING.
T  INDICATES TRACE AMOUNT.

&&

$$

MARTIN
