000
CXUS53 KIND 011507
CLMGEZ


CLIMATE REPORT
NATIONAL WEATHER SERVICE INDIANAPOLIS IN
1107 AM EDT WED APR 1 2015

...................................

...THE SHELBYVILLE IN CLIMATE SUMMARY FOR THE MONTH OF MARCH 2015...

CLIMATE NORMAL PERIOD 1981 TO 2010
CLIMATE RECORD PERIOD 9999 TO 9999

WEATHER         OBSERVED          NORMAL  DEPART  LAST YEAR`S
                 VALUE   DATE(S)  VALUE   FROM    VALUE  DATE(S)
                                          NORMAL
................................................................
TEMPERATURE (F)
HIGHEST            75   03/16                         72  03/11
LOWEST             -2   03/06                          6  03/04
AVG. MAXIMUM     49.6              51.7    -2.1     49.3
AVG. MINIMUM     30.1              31.9    -1.8     27.4
MEAN             39.9              41.8    -1.9     38.3
DAYS MAX >= 90      0               0.0     0.0        0
DAYS MAX <= 32      3               1.3     1.7        3
DAYS MIN <= 32     16              16.6    -0.6       20
DAYS MIN <= 0       1               0.0     1.0        0

PRECIPITATION (INCHES)
TOTALS           3.86              3.43    0.43     2.06
DAILY AVG.       0.12              0.11    0.01     0.07
DAYS >= .01        12                MM      MM        6
DAYS >= .10         8                MM      MM        5
DAYS >= .50         2                MM      MM        2
DAYS >= 1.00        0                MM      MM        0
GREATEST
 24 HR. TOTAL    0.74   03/13 TO 03/13

DEGREE_DAYS
HEATING TOTAL     770               720      50      818
 SINCE 7/1       5211              4883     328     5316
COOLING TOTAL       0                 1      -1        0
 SINCE 1/1          0                 1      -1        0
.................................................................

WIND (MPH)
AVERAGE WIND SPEED              8.7
HIGHEST WIND SPEED/DIRECTION    26/310    DATE  03/31
HIGHEST GUST SPEED/DIRECTION    34/160    DATE  03/29

SKY COVER
POSSIBLE SUNSHINE (PERCENT)   MM
AVERAGE SKY COVER           0.40
NUMBER OF DAYS FAIR           15
NUMBER OF DAYS PC              8
NUMBER OF DAYS CLOUDY          8

AVERAGE RH (PERCENT)     67

WEATHER CONDITIONS. NUMBER OF DAYS WITH
THUNDERSTORM              1     MIXED PRECIP               0
HEAVY RAIN                0     RAIN                       5
LIGHT RAIN               12     FREEZING RAIN              1
LT FREEZING RAIN          1     HAIL                       0
HEAVY SNOW                0     SNOW                       1
LIGHT SNOW                3     SLEET                      0
FOG                      16     FOG W/VIS <= 1/4 MILE      5
HAZE                     11

-  INDICATES NEGATIVE NUMBERS.
R  INDICATES RECORD WAS SET OR TIED.
MM INDICATES DATA IS MISSING.
T  INDICATES TRACE AMOUNT.

$$
