000
CXUS52 KILM 030905
CLMILM


CLIMATE REPORT
NATIONAL WEATHER SERVICE WILMINGTON NC
504 AM EDT FRI APR 3 2015

...................................

...THE WILMINGTON NC CLIMATE SUMMARY FOR THE MONTH OF MARCH 2015...

CLIMATE NORMAL PERIOD 1981 TO 2010
CLIMATE RECORD PERIOD 1871 TO 2015

WEATHER         OBSERVED          NORMAL  DEPART  LAST YEAR`S
                 VALUE   DATE(S)  VALUE   FROM    VALUE  DATE(S)
                                          NORMAL
................................................................
TEMPERATURE (F)
RECORD
 HIGH              94   03/23/1907
 LOW                9   03/04/1980
HIGHEST            84   03/17                         79  03/22
                        03/11                             03/11
LOWEST             25   03/07                         25  03/04
AVG. MAXIMUM     66.6              66.4     0.2     62.6
AVG. MINIMUM     44.1              43.8     0.3     40.3
MEAN             55.3              55.1     0.2     51.5
DAYS MAX >= 90      0               0.0     0.0        0
DAYS MAX <= 32      0               0.0     0.0        0
DAYS MIN <= 32      4               3.1     0.9        6
DAYS MIN <= 0       0               0.0     0.0        0

PRECIPITATION (INCHES)
RECORD
 MAXIMUM        10.43   1936
 MINIMUM         0.26   1945
TOTALS           3.43              4.21   -0.78     6.39
DAILY AVG.       0.11              0.14   -0.03     0.21
DAYS >= .01        11              10.0     1.0       11
DAYS >= .10         9               6.2     2.8        8
DAYS >= .50         3               2.8     0.2        4
DAYS >= 1.00        0               1.3    -1.3        4
GREATEST
 24 HR. TOTAL    0.75   03/27 TO 03/27

SNOWFALL (INCHES)
RECORDS
 TOTAL            6.6   1980
 24 HR TOTAL      5.2   03/02/1980 TO 03/02/1980
TOTALS            0.0               0.2    -0.2      0.0
SINCE 7/1         0.3               1.7    -1.4      1.0
DAYS >= TRACE       0               0.1    -0.1        0
DAYS >= 1.0         0               0.1    -0.1        0
GREATEST
 SNOW DEPTH         0   MM                             0  MM
 24 HR TOTAL      0.0   MM

DEGREE_DAYS
HEATING TOTAL     313               323     -10      413
COOLING TOTAL      20                16       4        2
..........................................................

WIND (MPH)
AVERAGE WIND SPEED              8.8
RESULTANT WIND SPEED/DIRECTION   1/222
HIGHEST WIND SPEED/DIRECTION    35/360    DATE  03/05
HIGHEST GUST SPEED/DIRECTION    52/320    DATE  03/05

SKY COVER
POSSIBLE SUNSHINE (PERCENT)   MM
AVERAGE SKY COVER           0.50
NUMBER OF DAYS FAIR           10
NUMBER OF DAYS PC             15
NUMBER OF DAYS CLOUDY          6

AVERAGE RH (PERCENT)     68

WEATHER CONDITIONS. NUMBER OF DAYS WITH
THUNDERSTORM              2     MIXED PRECIP               0
HEAVY RAIN                5     RAIN                       9
LIGHT RAIN               15     FREEZING RAIN              0
LT FREEZING RAIN          0     HAIL                       0
HEAVY SNOW                0     SNOW                       0
LIGHT SNOW                0     SLEET                      0
FOG                      15     FOG W/VIS <= 1/4 MILE      3
HAZE                      3

-  INDICATES NEGATIVE NUMBERS.
R  INDICATES RECORD WAS SET OR TIED.
MM INDICATES DATA IS MISSING.
T  INDICATES TRACE AMOUNT.

$$
