000
CXUS56 KOTX 011126
CLMPUW


CLIMATE REPORT
NATIONAL WEATHER SERVICE SPOKANE, WA
409 AM PDT WED APR 1 2015

...................................

...THE PULLMAN-MOSCOW  AIRPORT CLIMATE SUMMARY FOR THE MONTH OF MARCH 2015...

CLIMATE NORMAL PERIOD 1981 TO 2010
CLIMATE RECORD PERIOD 9999 TO 9999

WEATHER         OBSERVED          NORMAL  DEPART  LAST YEAR`S
                 VALUE   DATE(S)  VALUE   FROM    VALUE  DATE(S)
                                          NORMAL
................................................................
TEMPERATURE (F)
RECORD
 HIGH              73   03/25/1960
 LOW               -4   03/05/1945
HIGHEST            72   03/27        MM      MM       58  03/24
                                                          03/16
LOWEST             19   03/03        MM      MM       19  03/22
AVG. MAXIMUM     55.3              49.3     6.0     50.2
AVG. MINIMUM     35.7              31.9     3.8     33.2
MEAN             45.5              40.6     4.9     41.7
DAYS MAX >= 90      0               0.0     0.0        0
DAYS MAX <= 32      0               0.4    -0.4        1
DAYS MIN <= 32      8              15.3    -7.3       12
DAYS MIN <= 0       0               0.0     0.0        0

PRECIPITATION (INCHES)
RECORD
 MAXIMUM         5.08   2012
 MINIMUM         0.45   1992
TOTALS           2.50              2.05    0.45     2.82
DAILY AVG.       0.08              0.07    0.01     0.09
DAYS >= .01        12                MM      MM       15
DAYS >= .10         8                MM      MM       12
DAYS >= .50         1                MM      MM        0
DAYS >= 1.00        0                MM      MM        0
GREATEST
 24 HR. TOTAL    0.54   03/23 TO 03/23           03/09 TO 03/09
                                                          03/09 TO 03/09
                                                          03/09 TO 03/09

SNOWFALL (INCHES)
RECORDS
 TOTAL           18.6   MM
TOTALS             MM                MM      MM       MM
SINCE 7/1          MM                MM      MM       MM
SNOWDEPTH AVG.     MM                MM      MM       MM
DAYS >= 1.0         0                MM      MM        0
GREATEST
 SNOW DEPTH        MM                                 MM  MM
 24 HR TOTAL       MM                                 MM

DEGREE_DAYS
HEATING TOTAL     597               756    -159      714
 SINCE 7/1       4428              5459   -1031     5565
COOLING TOTAL       0                 0       0        0
 SINCE 1/1          0                 0       0        0
..........................................................

WIND (MPH)
AVERAGE WIND SPEED              7.5
HIGHEST WIND SPEED/DIRECTION    36/240    DATE  03/28
HIGHEST GUST SPEED/DIRECTION    44/240    DATE  03/28

SKY COVER
POSSIBLE SUNSHINE (PERCENT)   MM
AVERAGE SKY COVER           0.30
NUMBER OF DAYS FAIR           19
NUMBER OF DAYS PC              5
NUMBER OF DAYS CLOUDY          7

AVERAGE RH (PERCENT)     64

WEATHER CONDITIONS. NUMBER OF DAYS WITH
THUNDERSTORM              0     MIXED PRECIP               0
HEAVY RAIN                1     RAIN                       5
LIGHT RAIN               14     FREEZING RAIN              0
LT FREEZING RAIN          0     HAIL                       0
HEAVY SNOW                0     SNOW                       0
LIGHT SNOW                2     SLEET                      0
FOG                      10     FOG W/VIS <= 1/4 MILE      0
HAZE                      0

-  INDICATES NEGATIVE NUMBERS.
R  INDICATES RECORD WAS SET OR TIED.
MM INDICATES DATA IS MISSING.
T  INDICATES TRACE AMOUNT.

$$
