000
CXUS56 KPDT 011339
CLMRDM

CLIMATE REPORT
NATIONAL WEATHER SERVICE PENDLETON OREGON
637 AM PDT WED APR 01 2015

....................................

...THE REDMOND OR CLIMATE SUMMARY FOR THE MONTH OF MARCH 2015...

CLIMATE NORMAL PERIOD 1981 TO 2010
CLIMATE RECORD PERIOD 1949 TO 2015

WEATHER         OBSERVED          NORMAL  DEPART  LAST YEAR`S
                 VALUE   DATE(S)  VALUE   FROM    VALUE  DATE(S)
                                          NORMAL

................................................................

TEMPERATURE (F)
RECORD
 HIGH              80   3/29/1966
 LOW               -1   3/ 5/1955
HIGHEST            77   3/27       65        12            70   3/24
LOWEST             10   3/ 1       12        -2            12   3/21
AVG. MAXIMUM     61.5            53.8       7.7          55.9
AVG. MINUMUM     27.9            25.9       2.0          27.2
MEAN             44.7            39.8       4.9          41.5
DAYS MAX >= 90      0               0         0             0
DAYS MAX <= 32      0               2        -2             0
DAYS MIN <= 32     22              25        -3            26
DAYS MIN <= 0       0               3        -3            26


PRECIPITATION (INCHES)
RECORD
 MAXIMUM          1.94   1960
 MINIMUM          0.01   1968
TOTALS            0.40            0.66     -0.26          0.60
DAILY AVG.        0.01            0.02     -0.01          0.02
DAYS >=  0.01        5               8        -3             8
DAYS >=  0.10        2               2         0             2
DAYS >=  0.50        0               0         0             0
DAYS >=  1.00        0               0         0             0
GREATEST
 24 HR. TOTAL     0.17   3/11



SNOWFALL (INCHES)
RECORD
 MAXIMUM          12.2   1960
 MINIMUM           0.0   1992
TOTALS             0.0             1.3      -1.3             T
SINCE 7/1          5.3            16.3     -11.0           8.5
DAYS >=  TRACE                       1         0             1
DAYS >=  1.0         0               0         0             0
GREATEST
 24 HR. TOTAL      0.0   3/31


DEGREE DAYS
HEATING TOTAL      621             777      -156           721
 SINCE 7/1        4689            5453      -764          5514
COOLING TOTAL        0               0         0             0
 SINCE 1/1           0               0         0             0

.............................................................

WIND (MPH)
AVERAGE WIND SPEED                     6.1
RESULTANT WIND SPEED/DIRECTION         4/188
HIGHEST WIND SPEED/DIRECTION          35/230      DATE          03/15
HIGHEST GUST SPEED/DIRECTION          47/230      DATE          03/15


WEATHER CONDITIONS. NUMBER OF DAYS WITH
THUNDERSTORM               0    MIXED PRECIP                           0
HEAVY RAIN                 0    RAIN                                   1
LIGHT RAIN                 7    FREEZING RAIN                          0
LT FREEZING RAIN           0    HAIL                                   0
HEAVY SNOW                 0    SNOW                                   0
LIGHT SNOW                 0    SLEET                                  0
FOG                        3    FOG W/VIS <=1/4 MILE                   0
HAZE                       2

-  INDICATES NEGATIVE NUMBERS.
R  INDICATES RECORD WAS SET OR TIED.
MM INDICATES DATA IS MISSING.
T  INDICATES TRACE AMOUNT.

$$
