000
CXUS54 KOUN 011246
CLMSPS

CLIMATE REPORT
NATIONAL WEATHER SERVICE NORMAN OK
745 AM CDT FRI MAY 1 2015

...................................

...THE WICHITA FALLS CLIMATE SUMMARY FOR THE MONTH OF APRIL 2015...

CLIMATE NORMAL PERIOD 1981 TO 2010
CLIMATE RECORD PERIOD 1897 TO 2015

WEATHER         OBSERVED          NORMAL  DEPART  LAST YEAR`S
                 VALUE   DATE(S)  VALUE   FROM    VALUE  DATE(S)
                                          NORMAL
................................................................
TEMPERATURE (F)
RECORD
 HIGH             103   04/18/2011
 LOW               24   04/03/1975
HIGHEST            90                92      -2       93  04/13
LOWEST             38                34       4       32  04/15
AVG. MAXIMUM     74.6              75.8    -1.2     76.8
AVG. MINIMUM     52.9              49.4     3.5     50.6
MEAN             63.8              62.6     1.2     63.7
DAYS MAX >= 90      1               1.6    -0.6        3
DAYS MAX <= 32      0               0.0     0.0        0
DAYS MIN <= 32      0               0.5    -0.5        1
DAYS MIN <= 0       0               0.0     0.0        0

PRECIPITATION (INCHES)
RECORD
 MAXIMUM         8.50   1957
 MINIMUM         0.08   1996
TOTALS           3.73              2.61    1.12     1.49
DAILY AVG.       0.12              0.09    0.03     0.05
DAYS >= .01        11               6.2     4.8        8
DAYS >= .10         8               3.9     4.1        3
DAYS >= .50         2               1.6     0.4        1
DAYS >= 1.00        1               0.7     0.3        0
GREATEST
 24 HR. TOTAL    1.75   04/26 TO 04/27

SNOWFALL (INCHES)
TOTALS            0.0               0.0     0.0
SINCE 7/1         6.5               3.9     2.6

DEGREE_DAYS
HEATING TOTAL      94               142     -48
 SINCE 7/1       2876              2945     -69
COOLING TOTAL      63                70      -7
 SINCE 1/1         80                92     -12
.................................................................

WIND (MPH)
AVERAGE WIND SPEED              12.2
HIGHEST WIND SPEED/DIRECTION    43/140    DATE  04/17
HIGHEST GUST SPEED/DIRECTION    53/140    DATE  04/17


WEATHER CONDITIONS. NUMBER OF DAYS WITH
THUNDERSTORM              0     MIXED PRECIP               0
HEAVY RAIN                4     RAIN                       6
LIGHT RAIN               14     FREEZING RAIN              0
LT FREEZING RAIN          0     HAIL                       1
HEAVY SNOW                0     SNOW                       0
LIGHT SNOW                0     SLEET                      0
FOG                      15     FOG W/VIS <= 1/4 MILE      2
HAZE                      2

-  INDICATES NEGATIVE NUMBERS.
R  INDICATES RECORD WAS SET OR TIED.
MM INDICATES DATA IS MISSING.
T  INDICATES TRACE AMOUNT.
.............................................................
RECORD EVENTS AND REMARKS

RECORD WARMEST MAXIMUM TEMPERATURE OF 90 DEGREES TIED ON THE 2ND.
RECORD WARMEST MINIMUM TEMPERATURE OF 66 DEGREES SET ON THE 8TH.
THE JANUARY THROUGH APRIL TOTAL PRECIPITATION IS 8.11 INCHES.

$$
