000
CXUS51 KCTP 020112
CLSBFD

CLIMATE REPORT
NATIONAL WEATHER SERVICE STATE COLLEGE PA
757 PM EST SUN MAR 1 2015

...................................

...THE BRADFORD CLIMATE SUMMARY FOR THE SEASON, FROM
12/1/2014 TO 2/28/2015...

CLIMATE NORMAL PERIOD 1981 TO 2010
CLIMATE RECORD PERIOD 1957 TO 2015

WEATHER         OBSERVED          NORMAL  DEPART  LAST YEAR`S
                 VALUE   DATE(S)  VALUE   FROM    VALUE  DATE(S)
                                          NORMAL
................................................................
TEMPERATURE (F)
RECORD
 HIGH              75   12/01/2010
 LOW              -30   02/11/1979
HIGHEST            56   12/01        MM      MM       61  12/22
LOWEST            -25   02/16        MM      MM      -19  02/28
AVG. MAXIMUM     27.3              31.8    -4.5     28.4
AVG. MINIMUM     10.9              16.3    -5.4     11.6
MEAN             19.1              24.1    -5.0     20.0
DAYS MAX >= 90      0                MM      MM        0
DAYS MAX <= 32     63                MM      MM       55
DAYS MIN <= 32     84                MM      MM       83
DAYS MIN <= 0      23                MM      MM       23

PRECIPITATION (INCHES)
RECORD
 MAXIMUM        15.38   1993
 MINIMUM         3.73   2000
TOTALS           5.04              9.04   -4.00     6.35
DAILY AVG.       0.06              0.10   -0.04     0.07
DAYS >= .01        36                MM      MM       43
DAYS >= .10        16                MM      MM       17
DAYS >= .50         2                MM      MM        2
DAYS >= 1.00        0                MM      MM        1
GREATEST
 24 HR. TOTAL    0.91


DEGREE_DAYS
HEATING TOTAL    4081              3735     346     3878
 SINCE 7/1       5899              5570     329       MM
COOLING TOTAL       0                 0       0        0
 SINCE 1/1          0                 0       0        0

FREEZE DATES
RECORD
 EARLIEST     08/05/1972
 LATEST       06/30/1961
EARLIEST                        MM
LATEST                          MM
.........................................................

WIND (MPH)
AVERAGE WIND SPEED              8.5
RESULTANT WIND SPEED/DIRECTION   4/270
HIGHEST WIND SPEED/DIRECTION    32/320    DATE  01/07
HIGHEST GUST SPEED/DIRECTION    41/310    DATE  01/07

SKY COVER
POSSIBLE SUNSHINE (PERCENT)   MM
AVERAGE SKY COVER           0.70
NUMBER OF DAYS FAIR           11
NUMBER OF DAYS PC             23
NUMBER OF DAYS CLOUDY         56

AVERAGE RH (PERCENT)     72

WEATHER CONDITIONS. NUMBER OF DAYS WITH
THUNDERSTORM              0     MIXED PRECIP               0
HEAVY RAIN                3     RAIN                       4
LIGHT RAIN               15     FREEZING RAIN              2
LT FREEZING RAIN         13     HAIL                       0
HEAVY SNOW               10     SNOW                      22
LIGHT SNOW               55     SLEET                      0
FOG                      56     FOG W/VIS <= 1/4 MILE      6
HAZE                     64

-  INDICATES NEGATIVE NUMBERS.
R  INDICATES RECORD WAS SET OR TIED.
MM INDICATES DATA IS MISSING.
T  INDICATES TRACE AMOUNT.

$$

CJE
