000
CXUS51 KCAR 011939
CLMCAR


CLIMATE REPORT
NATIONAL WEATHER SERVICE CARIBOU, ME
338 PM EDT WED APR 1 2015

...................................

...THE CARIBOU ME CLIMATE SUMMARY FOR THE MONTH OF MARCH 2015...

CLIMATE NORMAL PERIOD 1981 TO 2010
CLIMATE RECORD PERIOD 1939 TO 2015

WEATHER         OBSERVED          NORMAL  DEPART  LAST YEAR`S
                 VALUE   DATE(S)  VALUE   FROM    VALUE  DATE(S)
                                          NORMAL
................................................................
TEMPERATURE (F)
RECORD
 HIGH              75   03/21/2012
 LOW              -28   03/02/2001
HIGHEST            45   03/26        MM      MM       39  03/29
                        03/11
LOWEST            -20   03/06        MM      MM      -19  03/05
AVG. MAXIMUM     31.0              33.9    -2.9     26.3
AVG. MINIMUM      8.1              15.2    -7.1      3.9
MEAN             19.5              24.5    -5.0     15.1
DAYS MAX >= 90      0               0.0     0.0        0
DAYS MAX <= 32     18              11.6     6.4       23
DAYS MIN <= 32     31              29.3     1.7       31
DAYS MIN <= 0       6               4.0     2.0       14

PRECIPITATION (INCHES)
RECORD
 MAXIMUM         5.27   2008
 MINIMUM         0.66   1965
TOTALS           1.65                     -0.86
DAILY AVG.       0.05              0.08   -0.03     0.11
DAYS >= .01        13              12.6     0.4       13
DAYS >= .10         3               6.1    -3.1        8
DAYS >= .50         1               1.5    -0.5        3
DAYS >= 1.00        0               0.3    -0.3        0
GREATEST
 24 HR. TOTAL    0.63   03/15 TO 03/15           03/20 TO 03/20
                                                          03/20 TO 03/20
                                                          03/20 TO 03/20

SNOWFALL (INCHES)
RECORDS
 TOTAL           47.1   1955
TOTALS           24.9              18.3     6.6     42.1
SINCE 7/1       133.2             100.8    32.4    141.5
SNOWDEPTH AVG.     17                16       1       27
DAYS >= 1.0         7               4.5     2.5       10
GREATEST
 SNOW DEPTH        25   03/04                         37  03/21
 24 HR TOTAL      8.6   MM                       03/20 TO 03/20
                                                          03/20 TO 03/20
                                                          03/20 TO 03/20

DEGREE_DAYS
HEATING TOTAL    1402              1254     148     1540
 SINCE 7/1       8143              7975     168     8194
COOLING TOTAL       0                 0       0        0
 SINCE 1/1          0                 0       0        0
.................................................

WIND (MPH)
AVERAGE WIND SPEED              9.5
HIGHEST WIND SPEED/DIRECTION    35/300    DATE  03/11
HIGHEST GUST SPEED/DIRECTION    49/310    DATE  03/11

SKY COVER
POSSIBLE SUNSHINE (PERCENT)   MM
AVERAGE SKY COVER           0.50
NUMBER OF DAYS FAIR           13
NUMBER OF DAYS PC              8
NUMBER OF DAYS CLOUDY         10

AVERAGE RH (PERCENT)     60

WEATHER CONDITIONS. NUMBER OF DAYS WITH
THUNDERSTORM              0     MIXED PRECIP               0
HEAVY RAIN                0     RAIN                       0
LIGHT RAIN                1     FREEZING RAIN              0
LT FREEZING RAIN          0     HAIL                       0
HEAVY SNOW                2     SNOW                       6
LIGHT SNOW               17     SLEET                      0
FOG                      11     FOG W/VIS <= 1/4 MILE      2
HAZE                     12

-  INDICATES NEGATIVE NUMBERS.
R  INDICATES RECORD WAS SET OR TIED.
MM INDICATES DATA IS MISSING.
T  INDICATES TRACE AMOUNT.

$$
