000
CDUS43 KDTX 201155
CLIDTW

CLIMATE REPORT
NATIONAL WEATHER SERVICE DETROIT/PONTIAC MI
155 AM EDT MON APR 20 2015


...................................

...THE DETROIT MI CLIMATE SUMMARY FOR APRIL 19 2015...

CLIMATE NORMAL PERIOD 1981 TO 2010
CLIMATE RECORD PERIOD 1874 TO 2015


WEATHER ITEM   OBSERVED TIME   RECORD YEAR NORMAL DEPARTURE LAST
                VALUE   (LST)  VALUE       VALUE  FROM      YEAR
                                                  NORMAL
..................................................................
TEMPERATURE (F)
 YESTERDAY
  MAXIMUM         63   1225 PM  83    2005  61      2       56
                                      1977
  MINIMUM         46    618 AM  23    1897  41      5       35
  AVERAGE         55                        51      4       46

PRECIPITATION (IN)
  YESTERDAY        0.51          1.38 1911   0.10   0.41     0.00
  MONTH TO DATE    2.17                      1.83   0.34     1.22
  SINCE MAR 1      2.97                      4.11  -1.14     2.71
  SINCE JAN 1      5.77                      8.09  -2.32     8.45

SNOWFALL (IN)
  YESTERDAY        0             3.0  1943   0.0    0        0.0
  MONTH TO DATE    0.0                       1.5   -1.5      3.2
  SINCE MAR 1      2.8                       8.4   -5.6     15.7
  SINCE JUL 1     47.5                      42.3    5.2     94.9
  SNOW DEPTH       0

DEGREE DAYS
 HEATING
  YESTERDAY       10                        15     -5       19
  MONTH TO DATE  252                       341    -89      337
  SINCE MAR 1   1189                      1203    -14     1456
  SINCE JUL 1   6300                      5756    544     6706

 COOLING
  YESTERDAY        0                         0      0        0
  MONTH TO DATE    0                         0      0        0
  SINCE MAR 1      0                         0      0        0
  SINCE JAN 1      0                         0      0        0
..................................................................


WIND (MPH)
  HIGHEST WIND SPEED    20   HIGHEST WIND DIRECTION     E (90)
  HIGHEST GUST SPEED    28   HIGHEST GUST DIRECTION     E (100)
  AVERAGE WIND SPEED    11.6


SKY COVER
  POSSIBLE SUNSHINE  MM
  AVERAGE SKY COVER 0.8


WEATHER CONDITIONS
 THE FOLLOWING WEATHER WAS RECORDED YESTERDAY.
  HEAVY RAIN
  RAIN
  LIGHT RAIN
  FOG


RELATIVE HUMIDITY (PERCENT)
 HIGHEST    93          1000 PM
 LOWEST     36          1100 AM
 AVERAGE    65

..........................................................


THE DETROIT MI CLIMATE NORMALS FOR TODAY
                         NORMAL    RECORD    YEAR
 MAXIMUM TEMPERATURE (F)   61        82      1985
                                             1957
                                             1952
 MINIMUM TEMPERATURE (F)   41        20      1897


SUNRISE AND SUNSET
APRIL 20 2015.........SUNRISE   645 AM EDT   SUNSET   820 PM EDT
APRIL 21 2015.........SUNRISE   644 AM EDT   SUNSET   821 PM EDT


-  INDICATES NEGATIVE NUMBERS.
R  INDICATES RECORD WAS SET OR TIED.
MM INDICATES DATA IS MISSING.
T  INDICATES TRACE AMOUNT.




$$
