000
CXUS53 KMPX 010642
CLMEAU


CLIMATE REPORT
NATIONAL WEATHER SERVICE CHANHASSEN MN
140 AM CDT WED APR 1 2015

...................................

...THE EAU CLAIRE WI CLIMATE SUMMARY FOR THE MONTH OF MARCH 2015...

CLIMATE NORMAL PERIOD 1981 TO 2010
CLIMATE RECORD PERIOD 1893 TO 2015

WEATHER         OBSERVED          NORMAL  DEPART  LAST YEAR`S
                 VALUE   DATE(S)  VALUE   FROM    VALUE  DATE(S)
                                          NORMAL
................................................................
TEMPERATURE (F)
RECORD
 HIGH              84   03/31/1986
                        03/29/1986
 LOW              -21   03/03/2014
                        03/11/1948
                        01/29/1951
HIGHEST            66   03/13        58       8       59  03/31
LOWEST            -13   03/05         8     -21      -21  03/03
AVG. MAXIMUM     44.3              41.1     3.2     32.6
AVG. MINIMUM     21.5              21.6    -0.1     14.0
MEAN             32.9              31.4     1.5     23.3
DAYS MAX >= 90      0               0.0     0.0        0
DAYS MAX <= 32      6               5.9     0.1       15
DAYS MIN <= 32     27              25.7     1.3       29
DAYS MIN <= 0       3               1.5     1.5        3

PRECIPITATION (INCHES)
RECORD
 MAXIMUM         6.03   1998
 MINIMUM         0.01   1910
TOTALS           0.71              1.73   -1.02     0.73
DAILY AVG.       0.02              0.06   -0.04     0.02
DAYS >= .01         7               9.0    -2.0        7
DAYS >= .10         4               4.3    -0.3        2
DAYS >= .50         0               0.9    -0.9        1
DAYS >= 1.00        0               0.2    -0.2        0
GREATEST
 24 HR. TOTAL    0.27   03/25 TO 03/25

SNOWFALL (INCHES)
RECORDS
 TOTAL           31.1   1965
TOTALS            5.9               8.6    -2.7      4.0
SINCE 7/1        36.7              44.9    -8.2     65.7
SNOWDEPTH AVG.      1                 5      -4       14
DAYS >= 1.0         3               2.0     1.0        2
GREATEST
 SNOW DEPTH         4   03/06                         22  03/05
                        03/05                             03/04
                        03/04                             03/02
 24 HR TOTAL      3.1   MM

DEGREE_DAYS
HEATING TOTAL     990              1044     -54     1284
 SINCE 7/1       7343              7065     278     8176
COOLING TOTAL       0                 0       0        0
 SINCE 1/1          0                 0       0        0
.................................................................

WIND (MPH)
AVERAGE WIND SPEED              8.1
HIGHEST WIND SPEED/DIRECTION    29/310    DATE  03/29
HIGHEST GUST SPEED/DIRECTION    42/300    DATE  03/29

SKY COVER
POSSIBLE SUNSHINE (PERCENT)   MM
AVERAGE SKY COVER           0.40
NUMBER OF DAYS FAIR           18
NUMBER OF DAYS PC              7
NUMBER OF DAYS CLOUDY          6

AVERAGE RH (PERCENT)     59

WEATHER CONDITIONS. NUMBER OF DAYS WITH
THUNDERSTORM              0     MIXED PRECIP               0
HEAVY RAIN                0     RAIN                       0
LIGHT RAIN                4     FREEZING RAIN              1
LT FREEZING RAIN          1     HAIL                       0
HEAVY SNOW                0     SNOW                       2
LIGHT SNOW                6     SLEET                      0
FOG                      11     FOG W/VIS <= 1/4 MILE      3
HAZE                      3

-  INDICATES NEGATIVE NUMBERS.
R  INDICATES RECORD WAS SET OR TIED.
MM INDICATES DATA IS MISSING.
T  INDICATES TRACE AMOUNT.

$$
