000
CXUS53 KMPX 011448
CLMEAU


CLIMATE REPORT
NATIONAL WEATHER SERVICE CHANHASSEN MN
847 AM CST SUN MAR 1 2015

...................................

...THE EAU CLAIRE WI CLIMATE SUMMARY FOR THE MONTH OF FEBRUARY 2015...

CLIMATE NORMAL PERIOD 1981 TO 2010
CLIMATE RECORD PERIOD 1893 TO 2015

WEATHER         OBSERVED          NORMAL  DEPART  LAST YEAR`S
                 VALUE   DATE(S)  VALUE   FROM    VALUE  DATE(S)
                                          NORMAL
................................................................
TEMPERATURE (F)
RECORD
 HIGH              61   02/24/1931
 LOW              -40   02/10/1899
HIGHEST            35   02/07        44      -9       41  02/19
LOWEST            -18   02/23       -10      -8      -25  02/11
AVG. MAXIMUM     17.2              28.9   -11.7     16.6
AVG. MINIMUM     -1.3               9.9   -11.2     -5.2
MEAN              8.0              19.4   -11.4      5.7
DAYS MAX >= 90      0               0.0     0.0        0
DAYS MAX <= 32     27              15.8    11.2       25
DAYS MIN <= 32     28              27.1     0.9       28
DAYS MIN <= 0      15               7.7     7.3       18

PRECIPITATION (INCHES)
RECORD
 MAXIMUM         3.10   1922
 MINIMUM         0.02   1958
TOTALS           0.22              0.81   -0.59     1.62
DAILY AVG.       0.01              0.03   -0.02     0.06
DAYS >= .01         6               7.2    -1.2        7
DAYS >= .10         1               2.3    -1.3        4
DAYS >= .50         0               0.3    -0.3        1
DAYS >= 1.00        0               0.0     0.0        0
GREATEST
 24 HR. TOTAL    0.14   02/10 TO 02/10

SNOWFALL (INCHES)
RECORDS
 TOTAL           24.3   5
                        0
TOTALS            3.9               7.3    -3.4     15.7
SINCE 7/1        30.8              36.3    -5.5     61.7
SNOWDEPTH AVG.      4                 7      -3       17
DAYS >= 1.0         1               2.6    -1.6        4
GREATEST
 SNOW DEPTH         5   02/04                         21  02/22
                                                          02/21
 24 HR TOTAL      1.4   MM

DEGREE_DAYS
HEATING TOTAL    1588              1277     311     1651
 SINCE 7/1       6353              6021     332     6892
COOLING TOTAL       0                 0       0        0
 SINCE 1/1          0                 0       0        0
.................................................................

WIND (MPH)
AVERAGE WIND SPEED              7.8
HIGHEST WIND SPEED/DIRECTION    30/310    DATE  02/24
HIGHEST GUST SPEED/DIRECTION    38/320    DATE  02/24

SKY COVER
POSSIBLE SUNSHINE (PERCENT)   MM
AVERAGE SKY COVER           0.40
NUMBER OF DAYS FAIR           11
NUMBER OF DAYS PC             12
NUMBER OF DAYS CLOUDY          5

AVERAGE RH (PERCENT)     65

WEATHER CONDITIONS. NUMBER OF DAYS WITH
THUNDERSTORM              0     MIXED PRECIP               0
HEAVY RAIN                0     RAIN                       0
LIGHT RAIN                0     FREEZING RAIN              0
LT FREEZING RAIN          0     HAIL                       0
HEAVY SNOW                1     SNOW                       1
LIGHT SNOW               11     SLEET                      0
FOG                       7     FOG W/VIS <= 1/4 MILE      1
HAZE                     14

-  INDICATES NEGATIVE NUMBERS.
R  INDICATES RECORD WAS SET OR TIED.
MM INDICATES DATA IS MISSING.
T  INDICATES TRACE AMOUNT.

$$
