000
CXUS52 KEYW 010800
CF6EYW
PRELIMINARY LOCAL CLIMATOLOGICAL DATA (WS FORM: F-6)

                                          STATION:   KEY WEST
                                          MONTH:     MAY
                                          YEAR:      2012
                                          LATITUDE:   24 32 N
                                          LONGITUDE:  81 45 W

  TEMPERATURE IN F:       :PCPN:    SNOW:  WIND      :SUNSHINE: SKY     :PK WND
================================================================================
1   2   3   4   5  6A  6B    7    8   9   10  11  12  13   14  15   16   17  18
                                     12Z  AVG MX 2MIN
DY MAX MIN AVG DEP HDD CDD  WTR  SNW DPTH SPD SPD DIR MIN PSBL S-S WX    SPD DR
================================================================================

 1  80  75  78   0   0  13 0.08  0.0    0 16.1 26 110   M    M   5 1      32 110
 2  82  76  79   1   0  14 0.00  0.0    0 16.5 23 100   M    M   2        29  90
 3  83  76  80   1   0  15    T  0.0    0 14.7 21 100   M    M   2        25 100
 4  84  76  80   1   0  15    T  0.0    0 12.4 17 110   M    M   1        22 110
 5  82  76  79   0   0  14 0.00  0.0    0  9.8 16 120   M    M   1        20 120
 6  82  77  80   1   0  15 0.00  0.0    0  8.6 16 140   M    M   1        21 120
 7  82  77  80   1   0  15 0.00  0.0    0  7.3 12 160   M    M   3        17 150
 8  83  77  80   1   0  15 0.00  0.0    0  6.1 12 140   M    M   1        15 140
 9  84  79  82   2   0  17    T  0.0    0  7.1 14 160   M    M   1        17 270
10  84  79  82   2   0  17    T  0.0    0  8.1 15 310   M    M   2        20 310
11  84  77  81   1   0  16 0.00  0.0    0  4.7  9 130   M    M   1        15 150
12  86  79  83   3   0  18 0.00  0.0    0 13.5 21 100   M    M   1        26 110
13  85  79  82   2   0  17 0.00  0.0    0 13.6 21 100   M    M   2        25 120
14  85  78  82   2   0  17 0.00  0.0    0  7.6 14 110   M    M   1        17  90
15  84  77  81   1   0  16    T  0.0    0  5.3 16 320   M    M   2 3      23 340
16  83  76  80   0   0  15    T  0.0    0  5.9 16 320   M    M   1 3      23 340
17  80  70  75  -5   0  10 2.66  0.0    0  4.8 18 320   M    M   8 123    31 320
18  85  74  80  -1   0  15 0.00  0.0    0  4.3  9 160   M    M   4        15 160
19  84  72  78  -3   0  13 0.70  0.0    0  6.9 24 150   M    M   5 13     28 150
20  83  71  77  -4   0  12 0.38  0.0    0  7.0 18  10   M    M   4 13     25  20
21  85  76  81   0   0  16 0.20  0.0    0  5.4 18 180   M    M   2 1      23 120
22  84  77  81   0   0  16    T  0.0    0  7.3 17 130   M    M   3        22 130
23  86  76  81   0   0  16    T  0.0    0  8.5 17 110   M    M   5        21 110
24  85  78  82   1   0  17 0.01  0.0    0  8.3 17 120   M    M   2        22 340
25  87  78  83   1   0  18 0.00  0.0    0  7.6 16 110   M    M   2        20 100
26  87  79  83   1   0  18 0.07  0.0    0  6.9 14  50   M    M   3 3      17  80
27  85  78  82   0   0  17 0.00  0.0    0  5.0 10 180   M    M   0        24 200
28  86  80  83   1   0  18 0.00  0.0    0  6.2 12 160   M    M   1        18 170
29  87  78  83   1   0  18 0.04  0.0    0  5.1 13 180   M    M   2        16 180
30  86  75  81  -1   0  16 0.63  0.0    0  3.6 12 200   M    M   4 18     17 230
31  85  79  82   0   0  17 0.01  0.0    0  8.0 14 140   M    M   7        17 150
================================================================================
SM 2608 2375         0 486  4.78     0.0 252.2          M       79
================================================================================
AV 84.1 76.6                               8.1 FASTST   M    M   3    MAX(MPH)
                                 MISC ---->  # 26 110               # 32  110
================================================================================
NOTES:
# LAST OF SEVERAL OCCURRENCES

COLUMN 17 PEAK WIND IN M.P.H.

PRELIMINARY LOCAL CLIMATOLOGICAL DATA (WS FORM: F-6) , PAGE 2

                                          STATION:  KEY WEST
                                          MONTH:    MAY
                                          YEAR:     2012
                                          LATITUDE:   24 32 N
                                          LONGITUDE:  81 45 W

[TEMPERATURE DATA]      [PRECIPITATION DATA]       SYMBOLS USED IN COLUMN 16

AVERAGE MONTHLY: 80.4   TOTAL FOR MONTH:   4.78    1 = FOG OR MIST
DPTR FM NORMAL:   0.1   DPTR FM NORMAL:    1.78    2 = FOG REDUCING VISIBILITY
HIGHEST:    87 ON 29,26 GRTST 24HR  2.66 ON 17-17      TO 1/4 MILE OR LESS
LOWEST:     70 ON 17                               3 = THUNDER
                        SNOW, ICE PELLETS, HAIL    4 = ICE PELLETS
                        TOTAL MONTH:   0.0 INCH    5 = HAIL
                        GRTST 24HR     0.0         6 = FREEZING RAIN OR DRIZZLE
                        GRTST DEPTH:   0           7 = DUSTSTORM OR SANDSTORM:
                                                       VSBY 1/2 MILE OR LESS
                                                   8 = SMOKE OR HAZE
[NO. OF DAYS WITH]      [WEATHER - DAYS WITH]      9 = BLOWING SNOW
                                                   X = TORNADO
MAX 32 OR BELOW:   0    0.01 INCH OR MORE:  10
MAX 90 OR ABOVE:   0    0.10 INCH OR MORE:   5
MIN 32 OR BELOW:   0    0.50 INCH OR MORE:   3
MIN  0 OR BELOW:   0    1.00 INCH OR MORE:   1

[HDD (BASE 65) ]
TOTAL THIS MO.     0    CLEAR  (SCALE 0-3)  20
DPTR FM NORMAL     0    PTCLDY (SCALE 4-7)  10
TOTAL FM JUL 1    28    CLOUDY (SCALE 8-10)  1
DPTR FM NORMAL   -45

[CDD (BASE 65) ]
TOTAL THIS MO.   486
DPTR FM NORMAL    10    [PRESSURE DATA]
TOTAL FM JAN 1  1690    HIGHEST SLP 30.12 ON 12
DPTR FM NORMAL   260    LOWEST  SLP 29.79 ON 24

[REMARKS]
#FINAL-05-12#
