000
CDUS43 KMKX 010650
CLIMKE


CLIMATE REPORT
NATIONAL WEATHER SERVICE IN MILWAUKEE
151 AM CDT FRI MAY 1 2015


...................................

...THE MILWAUKEE WI CLIMATE SUMMARY FOR APRIL 30 2015...

CLIMATE NORMAL PERIOD 1981 TO 2010
CLIMATE RECORD PERIOD 1871 TO 2015


WEATHER ITEM   OBSERVED TIME   RECORD YEAR NORMAL DEPARTURE LAST
                VALUE   (LST)  VALUE       VALUE  FROM      YEAR
                                                  NORMAL
..................................................................
TEMPERATURE (F)
 YESTERDAY
  MAXIMUM         46    538 PM  85    2013  59    -13       55
  MINIMUM         40    211 AM  29    1969  42     -2       42
                                      1877
  AVERAGE         43                        51     -8       49

PRECIPITATION (IN)
  YESTERDAY        T             1.26 1917   0.12  -0.12      T
  MONTH TO DATE    5.22                      3.56   1.66     4.26
  SINCE MAR 1      6.05                      5.83   0.22     5.38
  SINCE JAN 1      7.77                      9.24  -1.47     8.12

SNOWFALL (IN)
  YESTERDAY        0.0           5.0  1907   0.0    0.0      0.0
  MONTH TO DATE    T                         2.0   -2.0      0.3
  SINCE MAR 1      4.9                       9.0   -4.1      6.6
  SINCE JUL 1     43.0                      46.8   -3.8     63.4
  SNOW DEPTH       0

DEGREE DAYS
 HEATING
  YESTERDAY       22                        15      7       16
  MONTH TO DATE  568                       589    -21      624
  SINCE MAR 1   1499                      1517    -18     1734
  SINCE JUL 1   6831                      6497    334     7390

 COOLING
  YESTERDAY        0                         0      0        0
  MONTH TO DATE    0                         5     -5        0
  SINCE MAR 1      0                         5     -5        0
  SINCE JAN 1      0                         5     -5        0
..................................................................


WIND (MPH)
  HIGHEST WIND SPEED    21   HIGHEST WIND DIRECTION    NE (30)
  HIGHEST GUST SPEED    29   HIGHEST GUST DIRECTION    NE (40)
  AVERAGE WIND SPEED    10.6


SKY COVER
  POSSIBLE SUNSHINE  MM
  AVERAGE SKY COVER 0.5


WEATHER CONDITIONS
 THE FOLLOWING WEATHER WAS RECORDED YESTERDAY.
  LIGHT RAIN


RELATIVE HUMIDITY (PERCENT)
 HIGHEST    76          1200 PM
 LOWEST     58           700 AM
 AVERAGE    67

..........................................................


THE MILWAUKEE WI CLIMATE NORMALS FOR TODAY
                         NORMAL    RECORD    YEAR
 MAXIMUM TEMPERATURE (F)   60        88      1992
 MINIMUM TEMPERATURE (F)   42        24      1963


SUNRISE AND SUNSET
MAY  1 2015...........SUNRISE   546 AM CDT   SUNSET   752 PM CDT
MAY  2 2015...........SUNRISE   545 AM CDT   SUNSET   753 PM CDT


-  INDICATES NEGATIVE NUMBERS.
R  INDICATES RECORD WAS SET OR TIED.
MM INDICATES DATA IS MISSING.
T  INDICATES TRACE AMOUNT.




$$
