000
CDUS43 KMKX 022143
CLIMKE


CLIMATE REPORT
NATIONAL WEATHER SERVICE IN MILWAUKEE
443 PM CDT SAT MAY 2 2015


...................................

...THE MILWAUKEE WI CLIMATE SUMMARY FOR MAY 2 2015...
VALID TODAY AS OF 0400 PM LOCAL TIME.

CLIMATE NORMAL PERIOD 1981 TO 2010
CLIMATE RECORD PERIOD 1871 TO 2015


WEATHER ITEM   OBSERVED TIME   RECORD YEAR NORMAL DEPARTURE LAST
                VALUE   (LST)  VALUE       VALUE  FROM      YEAR
                                                  NORMAL
..................................................................
TEMPERATURE (F)
 TODAY
  MAXIMUM         76    223 PM  90    1959  60     16       52
  MINIMUM         51    157 AM  29    1961  43      8       47
  AVERAGE         64                        51     13       50

PRECIPITATION (IN)
  TODAY            0.00          1.43 1892   0.11  -0.11     0.03
  MONTH TO DATE    0.00                      0.21  -0.21     0.03
  SINCE MAR 1      6.05                      6.04   0.01     5.41
  SINCE JAN 1      7.77                      9.45  -1.68     8.15

SNOWFALL (IN)
  TODAY            0.0           0.2  1909   0.0    0.0      0.0
  MONTH TO DATE    0.0                       0.0    0.0      0.0
  SINCE MAR 1      4.9                       9.0   -4.1      6.6
  SINCE JUL 1     43.0                      46.8   -3.8     63.4
  SNOW DEPTH       0

DEGREE DAYS
 HEATING
  TODAY            1                        14    -13       15
  MONTH TO DATE   16                        28    -12       35
  SINCE MAR 1   1515                      1545    -30     1769
  SINCE JUL 1   6847                      6525    322     7425

 COOLING
  TODAY            0                         0      0        0
  MONTH TO DATE    0                         0      0        0
  SINCE MAR 1      0                         5     -5        0
  SINCE JAN 1      0                         5     -5        0
..................................................................


WIND (MPH)
  HIGHEST WIND SPEED    15   HIGHEST WIND DIRECTION    SE (130)
  HIGHEST GUST SPEED    20   HIGHEST GUST DIRECTION    SW (240)
  AVERAGE WIND SPEED     7.0


SKY COVER
  POSSIBLE SUNSHINE  MM
  AVERAGE SKY COVER 0.6


WEATHER CONDITIONS
 THE FOLLOWING WEATHER WAS RECORDED TODAY.
  NO SIGNIFICANT WEATHER WAS OBSERVED.


RELATIVE HUMIDITY (PERCENT)
 HIGHEST    64           300 AM
 LOWEST     25          1200 PM
 AVERAGE    45

..........................................................


THE MILWAUKEE WI CLIMATE NORMALS FOR TOMORROW
                         NORMAL    RECORD    YEAR
 MAXIMUM TEMPERATURE (F)   60        87      1955
                                             1949
                                             1928
 MINIMUM TEMPERATURE (F)   43        30      1978
                                             1967


SUNRISE AND SUNSET
MAY  2 2015...........SUNRISE   545 AM CDT   SUNSET   753 PM CDT
MAY  3 2015...........SUNRISE   543 AM CDT   SUNSET   754 PM CDT


-  INDICATES NEGATIVE NUMBERS.
R  INDICATES RECORD WAS SET OR TIED.
MM INDICATES DATA IS MISSING.
T  INDICATES TRACE AMOUNT.




$$
