000
CDUS43 KMKX 222101
CLIMKE


CLIMATE REPORT
NATIONAL WEATHER SERVICE IN MILWAUKEE
400 PM CDT WED APR 22 2015


...................................

...THE MILWAUKEE WI CLIMATE SUMMARY FOR APRIL 22 2015...
VALID TODAY AS OF 0400 PM LOCAL TIME.

CLIMATE NORMAL PERIOD 1981 TO 2010
CLIMATE RECORD PERIOD 1871 TO 2015


WEATHER ITEM   OBSERVED TIME   RECORD YEAR NORMAL DEPARTURE LAST
                VALUE   (LST)  VALUE       VALUE  FROM      YEAR
                                                  NORMAL
..................................................................
TEMPERATURE (F)
 TODAY
  MAXIMUM         42    159 PM  91    1980  56    -14       57
  MINIMUM         34    711 AM  26    1875  40     -6       35
  AVERAGE         38                        48    -10       46

PRECIPITATION (IN)
  TODAY            T             1.55 1878   0.12  -0.12     0.00
  MONTH TO DATE    5.07                      2.66   2.41     2.57
  SINCE MAR 1      5.90                      4.93   0.97     3.69
  SINCE JAN 1      7.62                      8.34  -0.72     6.43

SNOWFALL (IN)
  TODAY           MM             0.5  1984   0.0   MM        0.0
  MONTH TO DATE    T                         1.8   -1.8      0.3
  SINCE MAR 1      4.9                       8.8   -3.9      6.6
  SINCE JUL 1     43.0                      46.6   -3.6     63.4
  SNOW DEPTH       0

DEGREE DAYS
 HEATING
  TODAY           27                        17     10       19
  MONTH TO DATE  394                       462    -68      463
  SINCE MAR 1   1325                      1391    -66     1573
  SINCE JUL 1   6657                      6371    286     7229

 COOLING
  TODAY            0                         0      0        0
  MONTH TO DATE    0                         0      0        0
  SINCE MAR 1      0                         0      0        0
  SINCE JAN 1      0                         0      0        0
..................................................................


WIND (MPH)
  HIGHEST WIND SPEED    25   HIGHEST WIND DIRECTION     W (290)
  HIGHEST GUST SPEED    33   HIGHEST GUST DIRECTION     W (290)
  AVERAGE WIND SPEED    14.8


SKY COVER
  POSSIBLE SUNSHINE  MM
  AVERAGE SKY COVER 0.8


WEATHER CONDITIONS
 THE FOLLOWING WEATHER WAS RECORDED TODAY.
  LIGHT SNOW


RELATIVE HUMIDITY (PERCENT)
 HIGHEST    70          1200 AM
 LOWEST     47           800 AM
 AVERAGE    59

..........................................................


THE MILWAUKEE WI CLIMATE NORMALS FOR TOMORROW
                         NORMAL    RECORD    YEAR
 MAXIMUM TEMPERATURE (F)   57        85      1960
 MINIMUM TEMPERATURE (F)   40        22      1910


SUNRISE AND SUNSET
APRIL 22 2015.........SUNRISE   559 AM CDT   SUNSET   742 PM CDT
APRIL 23 2015.........SUNRISE   558 AM CDT   SUNSET   743 PM CDT


-  INDICATES NEGATIVE NUMBERS.
R  INDICATES RECORD WAS SET OR TIED.
MM INDICATES DATA IS MISSING.
T  INDICATES TRACE AMOUNT.




$$
