000
CDUS43 KMKX 300700
CLIMKE


CLIMATE REPORT
NATIONAL WEATHER SERVICE IN MILWAUKEE
158 AM CDT THU APR 30 2015


...................................

...THE MILWAUKEE WI CLIMATE SUMMARY FOR APRIL 29 2015...

CLIMATE NORMAL PERIOD 1981 TO 2010
CLIMATE RECORD PERIOD 1871 TO 2015


WEATHER ITEM   OBSERVED TIME   RECORD YEAR NORMAL DEPARTURE LAST
                VALUE   (LST)  VALUE       VALUE  FROM      YEAR
                                                  NORMAL
..................................................................
TEMPERATURE (F)
 YESTERDAY
  MAXIMUM         56   1119 AM  86    1899  59     -3       52
  MINIMUM         37    342 AM  24    1977  42     -5       38
  AVERAGE         47                        50     -3       45

PRECIPITATION (IN)
  YESTERDAY        0.00          1.56 1984   0.11  -0.11     0.60
  MONTH TO DATE    5.22                      3.44   1.78     4.26
  SINCE MAR 1      6.05                      5.71   0.34     5.38
  SINCE JAN 1      7.77                      9.12  -1.35     8.12

SNOWFALL (IN)
  YESTERDAY        0.0           1.0  1907   0.0    0.0      0.0
  MONTH TO DATE    T                         2.0   -2.0      0.3
  SINCE MAR 1      4.9                       9.0   -4.1      6.6
  SINCE JUL 1     43.0                      46.8   -3.8     63.4
  SNOW DEPTH       0

DEGREE DAYS
 HEATING
  YESTERDAY       18                        15      3       20
  MONTH TO DATE  546                       574    -28      608
  SINCE MAR 1   1477                      1503    -26     1718
  SINCE JUL 1   6809                      6483    326     7374

 COOLING
  YESTERDAY        0                         0      0        0
  MONTH TO DATE    0                         0      0        0
  SINCE MAR 1      0                         0      0        0
  SINCE JAN 1      0                         0      0        0
..................................................................


WIND (MPH)
  HIGHEST WIND SPEED    20   HIGHEST WIND DIRECTION     N (20)
  HIGHEST GUST SPEED    26   HIGHEST GUST DIRECTION     N (20)
  AVERAGE WIND SPEED     8.6


SKY COVER
  POSSIBLE SUNSHINE  MM
  AVERAGE SKY COVER 0.4


WEATHER CONDITIONS
 THE FOLLOWING WEATHER WAS RECORDED YESTERDAY.
  NO SIGNIFICANT WEATHER WAS OBSERVED.


RELATIVE HUMIDITY (PERCENT)
 HIGHEST    82           500 AM
 LOWEST     54          1000 AM
 AVERAGE    68

..........................................................


THE MILWAUKEE WI CLIMATE NORMALS FOR TODAY
                         NORMAL    RECORD    YEAR
 MAXIMUM TEMPERATURE (F)   59        85      2013
 MINIMUM TEMPERATURE (F)   42        29      1969
                                             1877


SUNRISE AND SUNSET
APRIL 30 2015.........SUNRISE   547 AM CDT   SUNSET   751 PM CDT
MAY  1 2015...........SUNRISE   546 AM CDT   SUNSET   752 PM CDT


-  INDICATES NEGATIVE NUMBERS.
R  INDICATES RECORD WAS SET OR TIED.
MM INDICATES DATA IS MISSING.
T  INDICATES TRACE AMOUNT.




$$
