000
CDUS43 KMKX 201427
CLIMKE


CLIMATE REPORT
NATIONAL WEATHER SERVICE IN MILWAUKEE
926 AM CDT MON APR 20 2015


...................................

...THE MILWAUKEE WI CLIMATE SUMMARY FOR APRIL 19 2015...

CLIMATE NORMAL PERIOD 1981 TO 2010
CLIMATE RECORD PERIOD 1871 TO 2015


WEATHER ITEM   OBSERVED TIME   RECORD YEAR NORMAL DEPARTURE LAST
                VALUE   (LST)  VALUE       VALUE  FROM      YEAR
                                                  NORMAL
..................................................................
TEMPERATURE (F)
 YESTERDAY
  MAXIMUM         55    111 PM  86    1985  55      0       53
  MINIMUM         42    605 PM  23    1897  39      3       34
  AVERAGE         49                        47      2       44

PRECIPITATION (IN)
  YESTERDAY        0.94          2.92 1877   0.12   0.82     0.00
  MONTH TO DATE    4.95                      2.30   2.65     2.54
  SINCE MAR 1      5.78                      4.57   1.21     3.66
  SINCE JAN 1      7.50                      7.98  -0.48     6.40

SNOWFALL (IN)
  YESTERDAY        0.0           0.2  2013   0.1   -0.1      0.0
  MONTH TO DATE    0.0                       1.7   -1.7      0.3
  SINCE MAR 1      4.9                       8.7   -3.8      6.6
  SINCE JUL 1     43.0                      46.5   -3.5     63.4
  SNOW DEPTH       0

DEGREE DAYS
 HEATING
  YESTERDAY       16                        18     -2       21
  MONTH TO DATE  325                       409    -84      440
  SINCE MAR 1   1256                      1338    -82     1550
  SINCE JUL 1   6588                      6318    270     7206

 COOLING
  YESTERDAY        0                         0      0        0
  MONTH TO DATE    0                         0      0        0
  SINCE MAR 1      0                         0      0        0
  SINCE JAN 1      0                         0      0        0
..................................................................


WIND (MPH)
  HIGHEST WIND SPEED    20   HIGHEST WIND DIRECTION     E (110)
  HIGHEST GUST SPEED    25   HIGHEST GUST DIRECTION     E (110)
  AVERAGE WIND SPEED    10.1


SKY COVER
  POSSIBLE SUNSHINE  MM
  AVERAGE SKY COVER 0.8


WEATHER CONDITIONS
 THE FOLLOWING WEATHER WAS RECORDED YESTERDAY.
  RAIN
  LIGHT RAIN
  FOG


RELATIVE HUMIDITY (PERCENT)
 HIGHEST    93           900 PM
 LOWEST     47           100 PM
 AVERAGE    70

..........................................................


THE MILWAUKEE WI CLIMATE NORMALS FOR TODAY
                         NORMAL    RECORD    YEAR
 MAXIMUM TEMPERATURE (F)   56        83      1985
 MINIMUM TEMPERATURE (F)   39        25      1904


SUNRISE AND SUNSET
APRIL 20 2015.........SUNRISE   602 AM CDT   SUNSET   740 PM CDT
APRIL 21 2015.........SUNRISE   601 AM CDT   SUNSET   741 PM CDT


-  INDICATES NEGATIVE NUMBERS.
R  INDICATES RECORD WAS SET OR TIED.
MM INDICATES DATA IS MISSING.
T  INDICATES TRACE AMOUNT.




$$
