000
CDUS43 KMKX 020650
CLIMKE


CLIMATE REPORT
NATIONAL WEATHER SERVICE IN MILWAUKEE
150 AM CDT SAT MAY 2 2015


...................................

...THE MILWAUKEE WI CLIMATE SUMMARY FOR MAY 1 2015...

CLIMATE NORMAL PERIOD 1981 TO 2010
CLIMATE RECORD PERIOD 1871 TO 2015


WEATHER ITEM   OBSERVED TIME   RECORD YEAR NORMAL DEPARTURE LAST
                VALUE   (LST)  VALUE       VALUE  FROM      YEAR
                                                  NORMAL
..................................................................
TEMPERATURE (F)
 YESTERDAY
  MAXIMUM         61   1227 PM  88    1992  60      1       50
  MINIMUM         39    409 AM  24    1963  42     -3       40
  AVERAGE         50                        51     -1       45

PRECIPITATION (IN)
  YESTERDAY        0.00          1.90 1873   0.10  -0.10      T
  MONTH TO DATE    0.00                      0.10  -0.10      T
  SINCE MAR 1      6.05                      5.93   0.12     5.38
  SINCE JAN 1      7.77                      9.34  -1.57     8.12

SNOWFALL (IN)
  YESTERDAY        0.0           1.9  1909   0.0    0.0      0.0
  MONTH TO DATE    0.0                       0.0    0.0      0.0
  SINCE MAR 1      4.9                       9.0   -4.1      6.6
  SINCE JUL 1     43.0                      46.8   -3.8     63.4
  SNOW DEPTH       0

DEGREE DAYS
 HEATING
  YESTERDAY       15                        14      1       20
  MONTH TO DATE   15                        14      1       20
  SINCE MAR 1   1514                      1531    -17     1754
  SINCE JUL 1   6846                      6511    335     7410

 COOLING
  YESTERDAY        0                         0      0        0
  MONTH TO DATE    0                         0      0        0
  SINCE MAR 1      0                         5     -5        0
  SINCE JAN 1      0                         5     -5        0
..................................................................


WIND (MPH)
  HIGHEST WIND SPEED    13   HIGHEST WIND DIRECTION    SE (130)
  HIGHEST GUST SPEED    15   HIGHEST GUST DIRECTION    SE (140)
  AVERAGE WIND SPEED     6.4


SKY COVER
  POSSIBLE SUNSHINE  MM
  AVERAGE SKY COVER 0.4


WEATHER CONDITIONS
 THE FOLLOWING WEATHER WAS RECORDED YESTERDAY.
  NO SIGNIFICANT WEATHER WAS OBSERVED.


RELATIVE HUMIDITY (PERCENT)
 HIGHEST    79           300 AM
 LOWEST     47           900 AM
 AVERAGE    63

..........................................................


THE MILWAUKEE WI CLIMATE NORMALS FOR TODAY
                         NORMAL    RECORD    YEAR
 MAXIMUM TEMPERATURE (F)   60        90      1959
 MINIMUM TEMPERATURE (F)   43        29      1961


SUNRISE AND SUNSET
MAY  2 2015...........SUNRISE   545 AM CDT   SUNSET   753 PM CDT
MAY  3 2015...........SUNRISE   543 AM CDT   SUNSET   754 PM CDT


-  INDICATES NEGATIVE NUMBERS.
R  INDICATES RECORD WAS SET OR TIED.
MM INDICATES DATA IS MISSING.
T  INDICATES TRACE AMOUNT.




$$
