000
CDUS43 KMKX 162200
CLIMKE


CLIMATE REPORT
NATIONAL WEATHER SERVICE IN MILWAUKEE
500 PM CDT THU APR 16 2015


...................................

...THE MILWAUKEE WI CLIMATE SUMMARY FOR APRIL 16 2015...
VALID TODAY AS OF 0500 PM LOCAL TIME.

CLIMATE NORMAL PERIOD 1981 TO 2010
CLIMATE RECORD PERIOD 1871 TO 2015


WEATHER ITEM   OBSERVED TIME   RECORD YEAR NORMAL DEPARTURE LAST
                VALUE   (LST)  VALUE       VALUE  FROM      YEAR
                                                  NORMAL
..................................................................
TEMPERATURE (F)
 TODAY
  MAXIMUM         55    116 PM  86    2002  54      1       45
  MINIMUM         41   1217 AM  12    1875  38      3       24
  AVERAGE         48                        46      2       35

PRECIPITATION (IN)
  TODAY            0.00          1.23 1921   0.13  -0.13     0.00
  MONTH TO DATE    4.01                      1.94   2.07     2.54
  SINCE MAR 1      4.84                      4.21   0.63     3.66
  SINCE JAN 1      6.56                      7.62  -1.06     6.40

SNOWFALL (IN)
  TODAY            0.0          14.0  1921   0.1   -0.1      0.0
  MONTH TO DATE    0.0                       1.5   -1.5      0.3
  SINCE MAR 1      4.9                       8.5   -3.6      6.6
  SINCE JUL 1     43.0                      46.3   -3.3     63.4
  SNOW DEPTH       0

DEGREE DAYS
 HEATING
  TODAY           17                        19     -2       30
  MONTH TO DATE  290                       353    -63      376
  SINCE MAR 1   1221                      1282    -61     1486
  SINCE JUL 1   6553                      6262    291     7142

 COOLING
  TODAY            0                         0      0        0
  MONTH TO DATE    0                         0      0        0
  SINCE MAR 1      0                         0      0        0
  SINCE JAN 1      0                         0      0        0
..................................................................


WIND (MPH)
  HIGHEST WIND SPEED    21   HIGHEST WIND DIRECTION    SE (140)
  HIGHEST GUST SPEED    26   HIGHEST GUST DIRECTION    SE (140)
  AVERAGE WIND SPEED     7.1


SKY COVER
  POSSIBLE SUNSHINE  MM
  AVERAGE SKY COVER 0.7


WEATHER CONDITIONS
 THE FOLLOWING WEATHER WAS RECORDED TODAY.
  NO SIGNIFICANT WEATHER WAS OBSERVED.


RELATIVE HUMIDITY (PERCENT)
 HIGHEST    89           700 AM
 LOWEST     53           100 AM
 AVERAGE    71

..........................................................


THE MILWAUKEE WI CLIMATE NORMALS FOR TOMORROW
                         NORMAL    RECORD    YEAR
 MAXIMUM TEMPERATURE (F)   54        84      1976
 MINIMUM TEMPERATURE (F)   38        14      1875


SUNRISE AND SUNSET
APRIL 16 2015.........SUNRISE   609 AM CDT   SUNSET   735 PM CDT
APRIL 17 2015.........SUNRISE   607 AM CDT   SUNSET   736 PM CDT


-  INDICATES NEGATIVE NUMBERS.
R  INDICATES RECORD WAS SET OR TIED.
MM INDICATES DATA IS MISSING.
T  INDICATES TRACE AMOUNT.




$$
