000
CDUS43 KMKX 282046
CLIMKE


CLIMATE REPORT
NATIONAL WEATHER SERVICE IN MILWAUKEE
343 PM CDT TUE APR 28 2015


...................................

...THE MILWAUKEE WI CLIMATE SUMMARY FOR APRIL 28 2015...
VALID TODAY AS OF 0300 PM LOCAL TIME.

CLIMATE NORMAL PERIOD 1981 TO 2010
CLIMATE RECORD PERIOD 1871 TO 2015


WEATHER ITEM   OBSERVED TIME   RECORD YEAR NORMAL DEPARTURE LAST
                VALUE   (LST)  VALUE       VALUE  FROM      YEAR
                                                  NORMAL
..................................................................
TEMPERATURE (F)
 TODAY
  MAXIMUM         51    159 PM  86    1915  59     -8       45
  MINIMUM         38    515 AM  28    1968  41     -3       40
  AVERAGE         45                        50     -5       43

PRECIPITATION (IN)
  TODAY            0.00          1.72 1975   0.12  -0.12     0.91
  MONTH TO DATE    5.22                      3.33   1.89     3.66
  SINCE MAR 1      6.05                      5.60   0.45     4.78
  SINCE JAN 1      7.77                      9.01  -1.24     7.52

SNOWFALL (IN)
  TODAY            0.0           1.0  1909   0.0    0.0      0.0
  MONTH TO DATE    T                         2.0   -2.0      0.3
  SINCE MAR 1      4.9                       9.0   -4.1      6.6
  SINCE JUL 1     43.0                      46.8   -3.8     63.4
  SNOW DEPTH       0

DEGREE DAYS
 HEATING
  TODAY           20                        15      5       22
  MONTH TO DATE  528                       559    -31      588
  SINCE MAR 1   1459                      1488    -29     1698
  SINCE JUL 1   6791                      6468    323     7354

 COOLING
  TODAY            0                         0      0        0
  MONTH TO DATE    0                         0      0        0
  SINCE MAR 1      0                         0      0        0
  SINCE JAN 1      0                         0      0        0
..................................................................


WIND (MPH)
  HIGHEST WIND SPEED    16   HIGHEST WIND DIRECTION    NE (50)
  HIGHEST GUST SPEED    20   HIGHEST GUST DIRECTION    NE (30)
  AVERAGE WIND SPEED     9.2


SKY COVER
  POSSIBLE SUNSHINE  MM
  AVERAGE SKY COVER 0.2


WEATHER CONDITIONS
 THE FOLLOWING WEATHER WAS RECORDED TODAY.
  NO SIGNIFICANT WEATHER WAS OBSERVED.


RELATIVE HUMIDITY (PERCENT)
 HIGHEST    73           600 AM
 LOWEST     56           900 AM
 AVERAGE    65

..........................................................


THE MILWAUKEE WI CLIMATE NORMALS FOR TOMORROW
                         NORMAL    RECORD    YEAR
 MAXIMUM TEMPERATURE (F)   59        86      1899
 MINIMUM TEMPERATURE (F)   42        24      1977


SUNRISE AND SUNSET
APRIL 28 2015.........SUNRISE   550 AM CDT   SUNSET   749 PM CDT
APRIL 29 2015.........SUNRISE   549 AM CDT   SUNSET   750 PM CDT


-  INDICATES NEGATIVE NUMBERS.
R  INDICATES RECORD WAS SET OR TIED.
MM INDICATES DATA IS MISSING.
T  INDICATES TRACE AMOUNT.




$$

HAHN
