000
CDUS43 KMKX 272146
CLIMKE


CLIMATE REPORT
NATIONAL WEATHER SERVICE IN MILWAUKEE
443 PM CDT MON APR 27 2015


...................................

...THE MILWAUKEE WI CLIMATE SUMMARY FOR APRIL 27 2015...
VALID TODAY AS OF 0400 PM LOCAL TIME.

CLIMATE NORMAL PERIOD 1981 TO 2010
CLIMATE RECORD PERIOD 1871 TO 2015


WEATHER ITEM   OBSERVED TIME   RECORD YEAR NORMAL DEPARTURE LAST
                VALUE   (LST)  VALUE       VALUE  FROM      YEAR
                                                  NORMAL
..................................................................
TEMPERATURE (F)
 TODAY
  MAXIMUM         51    121 PM  83    1962  58     -7       47
                                      1938
  MINIMUM         39    412 AM  28    1967  41     -2       39
  AVERAGE         45                        50     -5       43

PRECIPITATION (IN)
  TODAY            0.00          2.11 1956   0.12  -0.12      T
  MONTH TO DATE    5.22                      3.21   2.01     2.75
  SINCE MAR 1      6.05                      5.48   0.57     3.87
  SINCE JAN 1      7.77                      8.89  -1.12     6.61

SNOWFALL (IN)
  TODAY            0.0           0.5  1913   0.1   -0.1      0.0
  MONTH TO DATE    T                         2.0   -2.0      0.3
  SINCE MAR 1      4.9                       9.0   -4.1      6.6
  SINCE JUL 1     43.0                      46.8   -3.8     63.4
  SNOW DEPTH       0

DEGREE DAYS
 HEATING
  TODAY           20                        16      4       22
  MONTH TO DATE  508                       544    -36      566
  SINCE MAR 1   1439                      1473    -34     1676
  SINCE JUL 1   6771                      6453    318     7332

 COOLING
  TODAY            0                         0      0        0
  MONTH TO DATE    0                         0      0        0
  SINCE MAR 1      0                         0      0        0
  SINCE JAN 1      0                         0      0        0
..................................................................


WIND (MPH)
  HIGHEST WIND SPEED    18   HIGHEST WIND DIRECTION    NE (30)
  HIGHEST GUST SPEED    24   HIGHEST GUST DIRECTION     N (20)
  AVERAGE WIND SPEED    11.1


SKY COVER
  POSSIBLE SUNSHINE  MM
  AVERAGE SKY COVER 0.1


WEATHER CONDITIONS
 THE FOLLOWING WEATHER WAS RECORDED TODAY.
  NO SIGNIFICANT WEATHER WAS OBSERVED.


RELATIVE HUMIDITY (PERCENT)
 HIGHEST    70           100 AM
 LOWEST     50          1100 AM
 AVERAGE    60

..........................................................


THE MILWAUKEE WI CLIMATE NORMALS FOR TOMORROW
                         NORMAL    RECORD    YEAR
 MAXIMUM TEMPERATURE (F)   59        86      1915
 MINIMUM TEMPERATURE (F)   41        28      1968


SUNRISE AND SUNSET
APRIL 27 2015.........SUNRISE   552 AM CDT   SUNSET   748 PM CDT
APRIL 28 2015.........SUNRISE   550 AM CDT   SUNSET   749 PM CDT


-  INDICATES NEGATIVE NUMBERS.
R  INDICATES RECORD WAS SET OR TIED.
MM INDICATES DATA IS MISSING.
T  INDICATES TRACE AMOUNT.




$$

HAHN
