000
CDUS43 KMKX 112105
CLIMKE


CLIMATE REPORT
NATIONAL WEATHER SERVICE IN MILWAUKEE
405 PM CDT SAT APR 11 2015


...................................

...THE MILWAUKEE WI CLIMATE SUMMARY FOR APRIL 11 2015...
VALID TODAY AS OF 0400 PM LOCAL TIME.

CLIMATE NORMAL PERIOD 1981 TO 2010
CLIMATE RECORD PERIOD 1871 TO 2015


WEATHER ITEM   OBSERVED TIME   RECORD YEAR NORMAL DEPARTURE LAST
                VALUE   (LST)  VALUE       VALUE  FROM      YEAR
                                                  NORMAL
..................................................................
TEMPERATURE (F)
 TODAY
  MAXIMUM         63    159 PM  83    1977  52     11       67
  MINIMUM         38    535 AM  17    1973  36      2       34
  AVERAGE         51                        44      7       51

PRECIPITATION (IN)
  TODAY            0.00          1.70 1871   0.13  -0.13      T
  MONTH TO DATE    3.96                      1.30   2.66     0.33
  SINCE MAR 1      4.79                      3.57   1.22     1.45
  SINCE JAN 1      6.51                      6.98  -0.47     4.19

SNOWFALL (IN)
  TODAY            0.0           7.0  2007   0.1   -0.1      0.0
  MONTH TO DATE    0.0                       1.2   -1.2       T
  SINCE MAR 1      4.9                       8.2   -3.3      6.3
  SINCE JUL 1     43.0                      46.0   -3.0     63.1
  SNOW DEPTH       0

DEGREE DAYS
 HEATING
  TODAY           14                        21     -7       14
  MONTH TO DATE  223                       253    -30      238
  SINCE MAR 1   1154                      1182    -28     1348
  SINCE JUL 1   6486                      6162    324     7004

 COOLING
  TODAY            0                         0      0        0
  MONTH TO DATE    0                         0      0        0
  SINCE MAR 1      0                         0      0        0
  SINCE JAN 1      0                         0      0        0
..................................................................


WIND (MPH)
  HIGHEST WIND SPEED    15   HIGHEST WIND DIRECTION     W (270)
  HIGHEST GUST SPEED    20   HIGHEST GUST DIRECTION     W (290)
  AVERAGE WIND SPEED     7.2


SKY COVER
  POSSIBLE SUNSHINE  MM
  AVERAGE SKY COVER 0.1


WEATHER CONDITIONS
 THE FOLLOWING WEATHER WAS RECORDED TODAY.
  NO SIGNIFICANT WEATHER WAS OBSERVED.


RELATIVE HUMIDITY (PERCENT)
 HIGHEST    76          1200 AM
 LOWEST     27           200 PM
 AVERAGE    52

..........................................................


THE MILWAUKEE WI CLIMATE NORMALS FOR TOMORROW
                         NORMAL    RECORD    YEAR
 MAXIMUM TEMPERATURE (F)   53        82      1977
                                             1941
 MINIMUM TEMPERATURE (F)   36        19      1939


SUNRISE AND SUNSET
APRIL 11 2015.........SUNRISE   617 AM CDT   SUNSET   729 PM CDT
APRIL 12 2015.........SUNRISE   615 AM CDT   SUNSET   730 PM CDT


-  INDICATES NEGATIVE NUMBERS.
R  INDICATES RECORD WAS SET OR TIED.
MM INDICATES DATA IS MISSING.
T  INDICATES TRACE AMOUNT.




$$
