000
CDUS43 KMKX 040649
CLIMKE


CLIMATE REPORT
NATIONAL WEATHER SERVICE IN MILWAUKEE
149 AM CDT MON MAY 4 2015


...................................

...THE MILWAUKEE WI CLIMATE SUMMARY FOR MAY 3 2015...

CLIMATE NORMAL PERIOD 1981 TO 2010
CLIMATE RECORD PERIOD 1871 TO 2015


WEATHER ITEM   OBSERVED TIME   RECORD YEAR NORMAL DEPARTURE LAST
                VALUE   (LST)  VALUE       VALUE  FROM      YEAR
                                                  NORMAL
..................................................................
TEMPERATURE (F)
 YESTERDAY
  MAXIMUM         80   1221 PM  87    1955  60     20       64
                                      1949
                                      1928
  MINIMUM         58   1250 AM  30    1978  43     15       46
                                      1967
  AVERAGE         69                        52     17       55

PRECIPITATION (IN)
  YESTERDAY        T             1.12 1912   0.11  -0.11     0.00
  MONTH TO DATE    T                         0.32  -0.32     0.03
  SINCE MAR 1      6.05                      6.15  -0.10     5.41
  SINCE JAN 1      7.77                      9.56  -1.79     8.15

SNOWFALL (IN)
  YESTERDAY        0.0           3.2  1935   0.0    0.0      0.0
  MONTH TO DATE    0.0                       0.0    0.0      0.0
  SINCE MAR 1      4.9                       9.0   -4.1      6.6
  SINCE JUL 1     43.0                      46.8   -3.8     63.4
  SNOW DEPTH       0

DEGREE DAYS
 HEATING
  YESTERDAY        0                        14    -14       10
  MONTH TO DATE   16                        42    -26       45
  SINCE MAR 1   1515                      1559    -44     1779
  SINCE JUL 1   6847                      6539    308     7435

 COOLING
  YESTERDAY        4                         0      4        0
  MONTH TO DATE    4                         0      4        0
  SINCE MAR 1      4                         5     -1        0
  SINCE JAN 1      4                         5     -1        0
..................................................................


WIND (MPH)
  HIGHEST WIND SPEED    24   HIGHEST WIND DIRECTION    SW (210)
  HIGHEST GUST SPEED    30   HIGHEST GUST DIRECTION    SW (230)
  AVERAGE WIND SPEED    12.3


SKY COVER
  POSSIBLE SUNSHINE  MM
  AVERAGE SKY COVER 0.7


WEATHER CONDITIONS
 THE FOLLOWING WEATHER WAS RECORDED YESTERDAY.
  NO SIGNIFICANT WEATHER WAS OBSERVED.


RELATIVE HUMIDITY (PERCENT)
 HIGHEST    72          1100 PM
 LOWEST     38           900 AM
 AVERAGE    55

..........................................................


THE MILWAUKEE WI CLIMATE NORMALS FOR TODAY
                         NORMAL    RECORD    YEAR
 MAXIMUM TEMPERATURE (F)   61        89      1952
 MINIMUM TEMPERATURE (F)   43        30      1954


SUNRISE AND SUNSET
MAY  4 2015...........SUNRISE   542 AM CDT   SUNSET   756 PM CDT
MAY  5 2015...........SUNRISE   541 AM CDT   SUNSET   757 PM CDT


-  INDICATES NEGATIVE NUMBERS.
R  INDICATES RECORD WAS SET OR TIED.
MM INDICATES DATA IS MISSING.
T  INDICATES TRACE AMOUNT.




$$
