000
CDUS43 KMKX 260653
CLIMKE


CLIMATE REPORT
NATIONAL WEATHER SERVICE IN MILWAUKEE
152 AM CDT SUN APR 26 2015


...................................

...THE MILWAUKEE WI CLIMATE SUMMARY FOR APRIL 25 2015...

CLIMATE NORMAL PERIOD 1981 TO 2010
CLIMATE RECORD PERIOD 1871 TO 2015


WEATHER ITEM   OBSERVED TIME   RECORD YEAR NORMAL DEPARTURE LAST
                VALUE   (LST)  VALUE       VALUE  FROM      YEAR
                                                  NORMAL
..................................................................
TEMPERATURE (F)
 YESTERDAY
  MAXIMUM         42   1049 PM  87    1990  57    -15       67
  MINIMUM         38   1159 PM  27    1887  40     -2       41
  AVERAGE         40                        49     -9       54

PRECIPITATION (IN)
  YESTERDAY        0.00          1.54 1979   0.11  -0.11     0.05
  MONTH TO DATE    5.22                      2.98   2.24     2.75
  SINCE MAR 1      6.05                      5.25   0.80     3.87
  SINCE JAN 1      7.77                      8.66  -0.89     6.61

SNOWFALL (IN)
  YESTERDAY        0.0           0.1  1976   0.0    0.0      0.0
  MONTH TO DATE    T                         1.9   -1.9      0.3
  SINCE MAR 1      4.9                       8.9   -4.0      6.6
  SINCE JUL 1     43.0                      46.7   -3.7     63.4
  SNOW DEPTH       0

DEGREE DAYS
 HEATING
  YESTERDAY       25                        16      9       11
  MONTH TO DATE  466                       512    -46      520
  SINCE MAR 1   1397                      1441    -44     1630
  SINCE JUL 1   6729                      6421    308     7286

 COOLING
  YESTERDAY        0                         0      0        0
  MONTH TO DATE    0                         0      0        0
  SINCE MAR 1      0                         0      0        0
  SINCE JAN 1      0                         0      0        0
..................................................................


WIND (MPH)
  HIGHEST WIND SPEED    22   HIGHEST WIND DIRECTION    NE (30)
  HIGHEST GUST SPEED    29   HIGHEST GUST DIRECTION    NE (30)
  AVERAGE WIND SPEED    13.5


SKY COVER
  POSSIBLE SUNSHINE  MM
  AVERAGE SKY COVER 0.9


WEATHER CONDITIONS
 THE FOLLOWING WEATHER WAS RECORDED YESTERDAY.
  FOG
  HAZE


RELATIVE HUMIDITY (PERCENT)
 HIGHEST    85           400 AM
 LOWEST     49          1000 PM
 AVERAGE    67

..........................................................


THE MILWAUKEE WI CLIMATE NORMALS FOR TODAY
                         NORMAL    RECORD    YEAR
 MAXIMUM TEMPERATURE (F)   58        85      1994
                                             1990
                                             1962
 MINIMUM TEMPERATURE (F)   41        27      1972


SUNRISE AND SUNSET
APRIL 26 2015.........SUNRISE   553 AM CDT   SUNSET   746 PM CDT
APRIL 27 2015.........SUNRISE   552 AM CDT   SUNSET   748 PM CDT


-  INDICATES NEGATIVE NUMBERS.
R  INDICATES RECORD WAS SET OR TIED.
MM INDICATES DATA IS MISSING.
T  INDICATES TRACE AMOUNT.




$$
