000
CDUS43 KMKX 220654
CLIMKE


CLIMATE REPORT
NATIONAL WEATHER SERVICE IN MILWAUKEE
154 AM CDT WED APR 22 2015


...................................

...THE MILWAUKEE WI CLIMATE SUMMARY FOR APRIL 21 2015...

CLIMATE NORMAL PERIOD 1981 TO 2010
CLIMATE RECORD PERIOD 1871 TO 2015


WEATHER ITEM   OBSERVED TIME   RECORD YEAR NORMAL DEPARTURE LAST
                VALUE   (LST)  VALUE       VALUE  FROM      YEAR
                                                  NORMAL
..................................................................
TEMPERATURE (F)
 YESTERDAY
  MAXIMUM         44    501 PM  84    1985  56    -12       73
                                      1902
  MINIMUM         37   1159 PM  25    1975  39     -2       57
  AVERAGE         41                        48     -7       65

PRECIPITATION (IN)
  YESTERDAY        T             2.78 1973   0.12  -0.12     0.03
  MONTH TO DATE    5.07                      2.54   2.53     2.57
  SINCE MAR 1      5.90                      4.81   1.09     3.69
  SINCE JAN 1      7.62                      8.22  -0.60     6.43

SNOWFALL (IN)
  YESTERDAY        T             2.2  1927   0.1   -0.1      0.0
  MONTH TO DATE    T                         1.8   -1.8      0.3
  SINCE MAR 1      4.9                       8.8   -3.9      6.6
  SINCE JUL 1     43.0                      46.6   -3.6     63.4
  SNOW DEPTH       0

DEGREE DAYS
 HEATING
  YESTERDAY       24                        18      6        0
  MONTH TO DATE  367                       445    -78      444
  SINCE MAR 1   1298                      1374    -76     1554
  SINCE JUL 1   6630                      6354    276     7210

 COOLING
  YESTERDAY        0                         0      0        0
  MONTH TO DATE    0                         0      0        0
  SINCE MAR 1      0                         0      0        0
  SINCE JAN 1      0                         0      0        0
..................................................................


WIND (MPH)
  HIGHEST WIND SPEED    26   HIGHEST WIND DIRECTION     W (260)
  HIGHEST GUST SPEED    36   HIGHEST GUST DIRECTION     W (260)
  AVERAGE WIND SPEED    15.4


SKY COVER
  POSSIBLE SUNSHINE  MM
  AVERAGE SKY COVER 0.8


WEATHER CONDITIONS
 THE FOLLOWING WEATHER WAS RECORDED YESTERDAY.
  RAIN
  LIGHT RAIN
  SNOW
  SLEET


RELATIVE HUMIDITY (PERCENT)
 HIGHEST    64           300 AM
 LOWEST     41           400 PM
 AVERAGE    53

..........................................................


THE MILWAUKEE WI CLIMATE NORMALS FOR TODAY
                         NORMAL    RECORD    YEAR
 MAXIMUM TEMPERATURE (F)   56        91      1980
 MINIMUM TEMPERATURE (F)   40        26      1875


SUNRISE AND SUNSET
APRIL 22 2015.........SUNRISE   559 AM CDT   SUNSET   742 PM CDT
APRIL 23 2015.........SUNRISE   558 AM CDT   SUNSET   743 PM CDT


-  INDICATES NEGATIVE NUMBERS.
R  INDICATES RECORD WAS SET OR TIED.
MM INDICATES DATA IS MISSING.
T  INDICATES TRACE AMOUNT.




$$
