000
CDUS43 KMKX 150050
CLIMKE


CLIMATE REPORT
NATIONAL WEATHER SERVICE IN MILWAUKEE
749 PM CDT TUE APR 14 2015


...................................

...THE MILWAUKEE WI CLIMATE SUMMARY FOR APRIL 14 2015...
VALID TODAY AS OF 0700 PM LOCAL TIME.

CLIMATE NORMAL PERIOD 1981 TO 2010
CLIMATE RECORD PERIOD 1871 TO 2015


WEATHER ITEM   OBSERVED TIME   RECORD YEAR NORMAL DEPARTURE LAST
                VALUE   (LST)  VALUE       VALUE  FROM      YEAR
                                                  NORMAL
..................................................................
TEMPERATURE (F)
 TODAY
  MAXIMUM         62    245 PM  85    2003  53      9       39
  MINIMUM         42    424 AM  22    1928  37      5       28
                                      1907
  AVERAGE         52                        45      7       34

PRECIPITATION (IN)
  TODAY            0.00          1.68 1987   0.12  -0.12     0.19
  MONTH TO DATE    4.01                      1.68   2.33     2.54
  SINCE MAR 1      4.84                      3.95   0.89     3.66
  SINCE JAN 1      6.56                      7.36  -0.80     6.40

SNOWFALL (IN)
  TODAY            0.0           4.3  1928   0.1   -0.1      0.3
  MONTH TO DATE    0.0                       1.4   -1.4      0.3
  SINCE MAR 1      4.9                       8.4   -3.5      6.6
  SINCE JUL 1     43.0                      46.2   -3.2     63.4
  SNOW DEPTH       0

DEGREE DAYS
 HEATING
  TODAY           13                        20     -7       31
  MONTH TO DATE  253                       314    -61      310
  SINCE MAR 1   1184                      1243    -59     1420
  SINCE JUL 1   6516                      6223    293     7076

 COOLING
  TODAY            0                         0      0        0
  MONTH TO DATE    0                         0      0        0
  SINCE MAR 1      0                         0      0        0
  SINCE JAN 1      0                         0      0        0
..................................................................


WIND (MPH)
  HIGHEST WIND SPEED    12   HIGHEST WIND DIRECTION    SE (140)
  HIGHEST GUST SPEED    14   HIGHEST GUST DIRECTION    SE (130)
  AVERAGE WIND SPEED     5.6


SKY COVER
  POSSIBLE SUNSHINE  MM
  AVERAGE SKY COVER 0.5


WEATHER CONDITIONS
 THE FOLLOWING WEATHER WAS RECORDED TODAY.
  NO SIGNIFICANT WEATHER WAS OBSERVED.


RELATIVE HUMIDITY (PERCENT)
 HIGHEST    53           200 AM
 LOWEST     20           300 PM
 AVERAGE    37

..........................................................


THE MILWAUKEE WI CLIMATE NORMALS FOR TOMORROW
                         NORMAL    RECORD    YEAR
 MAXIMUM TEMPERATURE (F)   54        88      2002
 MINIMUM TEMPERATURE (F)   37        20      1935
                                             1928


SUNRISE AND SUNSET
APRIL 14 2015.........SUNRISE   612 AM CDT   SUNSET   733 PM CDT
APRIL 15 2015.........SUNRISE   610 AM CDT   SUNSET   734 PM CDT


-  INDICATES NEGATIVE NUMBERS.
R  INDICATES RECORD WAS SET OR TIED.
MM INDICATES DATA IS MISSING.
T  INDICATES TRACE AMOUNT.




$$
